{"id":1222,"date":"2024-11-07T12:42:09","date_gmt":"2024-11-07T11:42:09","guid":{"rendered":"http:\/\/mjc.endinahosting.com\/?post_type=listing&#038;p=1222"},"modified":"2026-02-18T12:58:56","modified_gmt":"2026-02-18T11:58:56","slug":"confiteria-panaderia-la-confi","status":"publish","type":"listing","link":"https:\/\/manchajucarcentro.com\/turismo\/recurso\/confiteria-panaderia-la-confi\/","title":{"rendered":"Confiter\u00eda Panader\u00eda \u00abLa Confi\u00bb"},"content":{"rendered":"<p>La Confiter\u00eda Panader\u00eda \u00abLa Confi\u00bb es un espacio acogedor que se ha ganado un lugar especial entre los amantes del pan y los dulces artesanales. Con un gran surtido de panes reci\u00e9n horneados y una variada selecci\u00f3n de reposter\u00eda, cada visita a \u00abLa Confi\u00bb es una experiencia para el paladar. Adem\u00e1s de su oferta en panader\u00eda y confiter\u00eda, el establecimiento cuenta con un servicio de cafeter\u00eda donde es posible disfrutar de un caf\u00e9 bien preparado, un desayuno completo o incluso un aperitivo en un ambiente agradable y relajado.<\/p>\n","protected":false},"author":1,"featured_media":1442,"comment_status":"open","ping_status":"closed","template":"","meta":[],"listing_category":[94,71,95],"event_category":[],"service_category":[],"rental_category":[],"classifieds_category":[],"listing_feature":[],"region":[62],"class_list":["post-1222","listing","type-listing","status-publish","has-post-thumbnail","hentry","listing_category-bares-y-cafeterias","listing_category-restauracion","listing_category-tiendas-de-artesania-y-producto-local","region-barrax"],"_links":{"self":[{"href":"https:\/\/manchajucarcentro.com\/turismo\/wp-json\/wp\/v2\/listing\/1222","targetHints":{"allow":["GET"]}}],"collection":[{"href":"https:\/\/manchajucarcentro.com\/turismo\/wp-json\/wp\/v2\/listing"}],"about":[{"href":"https:\/\/manchajucarcentro.com\/turismo\/wp-json\/wp\/v2\/types\/listing"}],"author":[{"embeddable":true,"href":"https:\/\/manchajucarcentro.com\/turismo\/wp-json\/wp\/v2\/users\/1"}],"replies":[{"embeddable":true,"href":"https:\/\/manchajucarcentro.com\/turismo\/wp-json\/wp\/v2\/comments?post=1222"}],"wp:featuredmedia":[{"embeddable":true,"href":"https:\/\/manchajucarcentro.com\/turismo\/wp-json\/wp\/v2\/media\/1442"}],"wp:attachment":[{"href":"https:\/\/manchajucarcentro.com\/turismo\/wp-json\/wp\/v2\/media?parent=1222"}],"wp:term":[{"taxonomy":"listing_category","embeddable":true,"href":"https:\/\/manchajucarcentro.com\/turismo\/wp-json\/wp\/v2\/listing_category?post=1222"},{"taxonomy":"event_category","embeddable":true,"href":"https:\/\/manchajucarcentro.com\/turismo\/wp-json\/wp\/v2\/event_category?post=1222"},{"taxonomy":"service_category","embeddable":true,"href":"https:\/\/manchajucarcentro.com\/turismo\/wp-json\/wp\/v2\/service_category?post=1222"},{"taxonomy":"rental_category","embeddable":true,"href":"https:\/\/manchajucarcentro.com\/turismo\/wp-json\/wp\/v2\/rental_category?post=1222"},{"taxonomy":"classifieds_category","embeddable":true,"href":"https:\/\/manchajucarcentro.com\/turismo\/wp-json\/wp\/v2\/classifieds_category?post=1222"},{"taxonomy":"listing_feature","embeddable":true,"href":"https:\/\/manchajucarcentro.com\/turismo\/wp-json\/wp\/v2\/listing_feature?post=1222"},{"taxonomy":"region","embeddable":true,"href":"https:\/\/manchajucarcentro.com\/turismo\/wp-json\/wp\/v2\/region?post=1222"}],"curies":[{"name":"wp","href":"https:\/\/api.w.org\/{rel}","templated":true}]}}

Confitería Panadería «La Confi»

<p>La Confitería Panadería «La Confi» es un espacio acogedor que se ha ganado un lugar especial entre los amantes del pan y los dulces artesanales. Con un gran surtido de panes recién horneados y una variada selección de repostería, cada visita a «La Confi» es una experiencia para el paladar. Además de su oferta en panadería y confitería, el establecimiento cuenta con un servicio de cafetería donde es posible disfrutar de un café bien preparado, un desayuno completo o incluso un aperitivo en un ambiente agradable y relajado.</p>
