{"id":1422,"date":"2024-11-18T11:45:30","date_gmt":"2024-11-18T10:45:30","guid":{"rendered":"http:\/\/mjc.endinahosting.com\/?post_type=listing&#038;p=1422"},"modified":"2026-02-19T09:17:27","modified_gmt":"2026-02-19T08:17:27","slug":"ermita-de-santa-lucia-y-san-roque","status":"publish","type":"listing","link":"https:\/\/manchajucarcentro.com\/turismo\/recurso\/ermita-de-santa-lucia-y-san-roque\/","title":{"rendered":"Ermita de Santa Luc\u00eda y San Roque"},"content":{"rendered":"<p>Aunque apenas hay documentos sobre ella, se supone que es del siglo XVI. Debido a que San Roque es el santo protector contra la peste, es posible que sirviese de hospital hasta mediados del siglo XVII, momento en el que pasar\u00eda a dedicarse al culto, volviendo a ser hospital durante la guerra civil de 1936. Al final el edificio fue quedando en desuso, y hoy \u00fanicamente se celebran cultos a Santa Luc\u00eda.<\/p>\n<p>Es de tama\u00f1o reducido con una nave \u00fanica de planta rectangular, de m\u00e1s o menos unos trece metros de largo y aproximadamente seis y medio de ancho, donde no se marcan ni presbiterio, crucero ni capilla. El presbiterio se halla se\u00f1alado por una tarima poco elevada, la altura de una grada; el altar mayor est\u00e1 construido por la mesa y una hornacina practicada en la pared con la imagen escult\u00f3rica titular. Es un edificio que pasa desapercibido en la actualidad debido a la integraci\u00f3n y alineaci\u00f3n en la hilera de casas que la rodean en la calle.<\/p>\n<p>Lo m\u00e1s destacado de esta ermita es la rica decoraci\u00f3n del interior, donde hay todo un programa pict\u00f3rico que pretend\u00eda transformar un interior arquitect\u00f3nico simple en un rica, adornada y luminosa iglesia cubierta por un espectacular artesonado a trav\u00e9s de una pintura ilusionista y un vivo cromatismo. Se conservan pinturas murales que cubren la mitad superior de las paredes y la mayor parte de la b\u00f3veda, todas de tipo ornamental, que, gracias a su decoraci\u00f3n estil\u00edstica, nos permiten conocer su cronolog\u00eda, datadas probablemente del siglo XVII y XVIII. Es de gran curiosidad la existencia de un cuadro con la crucifixi\u00f3n de Cristo, probablemente del siglo XVII.<\/p>\n","protected":false},"author":1,"featured_media":2073,"comment_status":"open","ping_status":"closed","template":"","meta":[],"listing_category":[96,74],"event_category":[],"service_category":[],"rental_category":[],"classifieds_category":[],"listing_feature":[],"region":[67],"class_list":["post-1422","listing","type-listing","status-publish","has-post-thumbnail","hentry","listing_category-recurso-cultural","listing_category-recursos","region-tarazona-de-la-mancha"],"_links":{"self":[{"href":"https:\/\/manchajucarcentro.com\/turismo\/wp-json\/wp\/v2\/listing\/1422","targetHints":{"allow":["GET"]}}],"collection":[{"href":"https:\/\/manchajucarcentro.com\/turismo\/wp-json\/wp\/v2\/listing"}],"about":[{"href":"https:\/\/manchajucarcentro.com\/turismo\/wp-json\/wp\/v2\/types\/listing"}],"author":[{"embeddable":true,"href":"https:\/\/manchajucarcentro.com\/turismo\/wp-json\/wp\/v2\/users\/1"}],"replies":[{"embeddable":true,"href":"https:\/\/manchajucarcentro.com\/turismo\/wp-json\/wp\/v2\/comments?post=1422"}],"wp:featuredmedia":[{"embeddable":true,"href":"https:\/\/manchajucarcentro.com\/turismo\/wp-json\/wp\/v2\/media\/2073"}],"wp:attachment":[{"href":"https:\/\/manchajucarcentro.com\/turismo\/wp-json\/wp\/v2\/media?parent=1422"}],"wp:term":[{"taxonomy":"listing_category","embeddable":true,"href":"https:\/\/manchajucarcentro.com\/turismo\/wp-json\/wp\/v2\/listing_category?post=1422"},{"taxonomy":"event_category","embeddable":true,"href":"https:\/\/manchajucarcentro.com\/turismo\/wp-json\/wp\/v2\/event_category?post=1422"},{"taxonomy":"service_category","embeddable":true,"href":"https:\/\/manchajucarcentro.com\/turismo\/wp-json\/wp\/v2\/service_category?post=1422"},{"taxonomy":"rental_category","embeddable":true,"href":"https:\/\/manchajucarcentro.com\/turismo\/wp-json\/wp\/v2\/rental_category?post=1422"},{"taxonomy":"classifieds_category","embeddable":true,"href":"https:\/\/manchajucarcentro.com\/turismo\/wp-json\/wp\/v2\/classifieds_category?post=1422"},{"taxonomy":"listing_feature","embeddable":true,"href":"https:\/\/manchajucarcentro.com\/turismo\/wp-json\/wp\/v2\/listing_feature?post=1422"},{"taxonomy":"region","embeddable":true,"href":"https:\/\/manchajucarcentro.com\/turismo\/wp-json\/wp\/v2\/region?post=1422"}],"curies":[{"name":"wp","href":"https:\/\/api.w.org\/{rel}","templated":true}]}}

Ermita de Santa Lucía y San Roque

<p>Aunque apenas hay documentos sobre ella, se supone que es del siglo XVI. Debido a que San Roque es el santo protector contra la peste, es posible que sirviese de hospital hasta mediados del siglo XVII, momento en el que pasaría a dedicarse al culto, volviendo a ser hospital durante la guerra civil de 1936. Al final el edificio fue quedando en desuso, y hoy únicamente se celebran cultos a Santa Lucía.</p>
<p>Es de tamaño reducido con una nave única de planta rectangular, de más o menos unos trece metros de largo y aproximadamente seis y medio de ancho, donde no se marcan ni presbiterio, crucero ni capilla. El presbiterio se halla señalado por una tarima poco elevada, la altura de una grada; el altar mayor está construido por la mesa y una hornacina practicada en la pared con la imagen escultórica titular. Es un edificio que pasa desapercibido en la actualidad debido a la integración y alineación en la hilera de casas que la rodean en la calle.</p>
<p>Lo más destacado de esta ermita es la rica decoración del interior, donde hay todo un programa pictórico que pretendía transformar un interior arquitectónico simple en un rica, adornada y luminosa iglesia cubierta por un espectacular artesonado a través de una pintura ilusionista y un vivo cromatismo. Se conservan pinturas murales que cubren la mitad superior de las paredes y la mayor parte de la bóveda, todas de tipo ornamental, que, gracias a su decoración estilística, nos permiten conocer su cronología, datadas probablemente del siglo XVII y XVIII. Es de gran curiosidad la existencia de un cuadro con la crucifixión de Cristo, probablemente del siglo XVII.</p>
