{"id":1444,"date":"2024-11-20T11:22:49","date_gmt":"2024-11-20T10:22:49","guid":{"rendered":"http:\/\/mjc.endinahosting.com\/?post_type=listing&#038;p=1444"},"modified":"2026-02-19T09:02:37","modified_gmt":"2026-02-19T08:02:37","slug":"iglesia-de-la-purisima-concepcion-montalvos","status":"publish","type":"listing","link":"https:\/\/manchajucarcentro.com\/turismo\/recurso\/iglesia-de-la-purisima-concepcion-montalvos\/","title":{"rendered":"Iglesia de la Pur\u00edsima Concepci\u00f3n"},"content":{"rendered":"<p>Es el \u00fanico monumento hist\u00f3rico de la localidad, consagrada a la Virgen Pur\u00edsima Concepci\u00f3n, patrona del pueblo. Es una construcci\u00f3n modesta y sencilla, sin pretensiones arquitect\u00f3nicas, al estilo de las ermitas o capillas de peque\u00f1os n\u00facleos aislados, construida con toda seguridad por los propios habitantes del lugar.<\/p>\n<p>Sus or\u00edgenes, a pesar de que no existen documentos que lo prueben, se pueden fechar con toda probabilidad a inicios del siglo XVIII o quiz\u00e1 anterior, por ser \u00e9sa la fecha en la que comienzan los registros eclesi\u00e1sticos. Es de planta rectangular, con altar mayor orientado al este y fachada principal hacia el sur, de gruesas paredes construidas en tapial y encaladas originalmente. En un lateral se encuentra la entrada al templo, construida con arco de medio punto en piedra de siller\u00eda con escudo muy deteriorado en la clave y molduras en las jambas. Tambi\u00e9n se observan restos de pintura en algunos puntos de este arco con puerta de madera de aproximadamente medio siglo.<\/p>\n<p>Adosada en un extremo, arranca la torre dividida en tres cuerpos a los pies de la iglesia, con forma troncopiramidal, fabricada en mamposter\u00eda de piedras irregulares, hoy restaurada y rematada en tejado at\u00edpico a cuatro aguas.<\/p>\n<p>En su interior podemos observar como elemento m\u00e1s destacado el artesonado en madera de su techo. Est\u00e1 compuesto de un armaz\u00f3n de gruesas vigas en secci\u00f3n cuadrada que cruzan la nave, uniendo las paredes transversalmente, dando solidez al edificio, y otras m\u00e1s livianas que soportan el tejado, en las que se apoya el entablado que da la riqueza art\u00edstica al conjunto, recuerda al estilo mud\u00e9jar. En su interior podemos apreciar una figura tallada en madera de edad desconocida, que representa al ni\u00f1o Jes\u00fas con una esfera en su mano izquierda, conocido popularmente como el ni\u00f1o de la bola.<\/p>\n","protected":false},"author":1,"featured_media":2065,"comment_status":"open","ping_status":"closed","template":"","meta":[],"listing_category":[96,74],"event_category":[],"service_category":[],"rental_category":[],"classifieds_category":[],"listing_feature":[],"region":[66],"class_list":["post-1444","listing","type-listing","status-publish","has-post-thumbnail","hentry","listing_category-recurso-cultural","listing_category-recursos","region-montalvos"],"_links":{"self":[{"href":"https:\/\/manchajucarcentro.com\/turismo\/wp-json\/wp\/v2\/listing\/1444","targetHints":{"allow":["GET"]}}],"collection":[{"href":"https:\/\/manchajucarcentro.com\/turismo\/wp-json\/wp\/v2\/listing"}],"about":[{"href":"https:\/\/manchajucarcentro.com\/turismo\/wp-json\/wp\/v2\/types\/listing"}],"author":[{"embeddable":true,"href":"https:\/\/manchajucarcentro.com\/turismo\/wp-json\/wp\/v2\/users\/1"}],"replies":[{"embeddable":true,"href":"https:\/\/manchajucarcentro.com\/turismo\/wp-json\/wp\/v2\/comments?post=1444"}],"wp:featuredmedia":[{"embeddable":true,"href":"https:\/\/manchajucarcentro.com\/turismo\/wp-json\/wp\/v2\/media\/2065"}],"wp:attachment":[{"href":"https:\/\/manchajucarcentro.com\/turismo\/wp-json\/wp\/v2\/media?parent=1444"}],"wp:term":[{"taxonomy":"listing_category","embeddable":true,"href":"https:\/\/manchajucarcentro.com\/turismo\/wp-json\/wp\/v2\/listing_category?post=1444"},{"taxonomy":"event_category","embeddable":true,"href":"https:\/\/manchajucarcentro.com\/turismo\/wp-json\/wp\/v2\/event_category?post=1444"},{"taxonomy":"service_category","embeddable":true,"href":"https:\/\/manchajucarcentro.com\/turismo\/wp-json\/wp\/v2\/service_category?post=1444"},{"taxonomy":"rental_category","embeddable":true,"href":"https:\/\/manchajucarcentro.com\/turismo\/wp-json\/wp\/v2\/rental_category?post=1444"},{"taxonomy":"classifieds_category","embeddable":true,"href":"https:\/\/manchajucarcentro.com\/turismo\/wp-json\/wp\/v2\/classifieds_category?post=1444"},{"taxonomy":"listing_feature","embeddable":true,"href":"https:\/\/manchajucarcentro.com\/turismo\/wp-json\/wp\/v2\/listing_feature?post=1444"},{"taxonomy":"region","embeddable":true,"href":"https:\/\/manchajucarcentro.com\/turismo\/wp-json\/wp\/v2\/region?post=1444"}],"curies":[{"name":"wp","href":"https:\/\/api.w.org\/{rel}","templated":true}]}}

Iglesia de la Purísima Concepción

<p>Es el único monumento histórico de la localidad, consagrada a la Virgen Purísima Concepción, patrona del pueblo. Es una construcción modesta y sencilla, sin pretensiones arquitectónicas, al estilo de las ermitas o capillas de pequeños núcleos aislados, construida con toda seguridad por los propios habitantes del lugar.</p>
<p>Sus orígenes, a pesar de que no existen documentos que lo prueben, se pueden fechar con toda probabilidad a inicios del siglo XVIII o quizá anterior, por ser ésa la fecha en la que comienzan los registros eclesiásticos. Es de planta rectangular, con altar mayor orientado al este y fachada principal hacia el sur, de gruesas paredes construidas en tapial y encaladas originalmente. En un lateral se encuentra la entrada al templo, construida con arco de medio punto en piedra de sillería con escudo muy deteriorado en la clave y molduras en las jambas. También se observan restos de pintura en algunos puntos de este arco con puerta de madera de aproximadamente medio siglo.</p>
<p>Adosada en un extremo, arranca la torre dividida en tres cuerpos a los pies de la iglesia, con forma troncopiramidal, fabricada en mampostería de piedras irregulares, hoy restaurada y rematada en tejado atípico a cuatro aguas.</p>
<p>En su interior podemos observar como elemento más destacado el artesonado en madera de su techo. Está compuesto de un armazón de gruesas vigas en sección cuadrada que cruzan la nave, uniendo las paredes transversalmente, dando solidez al edificio, y otras más livianas que soportan el tejado, en las que se apoya el entablado que da la riqueza artística al conjunto, recuerda al estilo mudéjar. En su interior podemos apreciar una figura tallada en madera de edad desconocida, que representa al niño Jesús con una esfera en su mano izquierda, conocido popularmente como el niño de la bola.</p>
