{"id":1542,"date":"2024-11-21T10:22:27","date_gmt":"2024-11-21T09:22:27","guid":{"rendered":"http:\/\/mjc.endinahosting.com\/?post_type=listing&#038;p=1542"},"modified":"2026-02-19T08:37:34","modified_gmt":"2026-02-19T07:37:34","slug":"ermita-del-cristo-del-perdon","status":"publish","type":"listing","link":"https:\/\/manchajucarcentro.com\/turismo\/recurso\/ermita-del-cristo-del-perdon\/","title":{"rendered":"Ermita del Cristo del Perd\u00f3n"},"content":{"rendered":"<p>Este recinto destaca por su modernidad, ya que fue reedificada en 1997 y redise\u00f1ada por el p\u00e1rroco Don F\u00e9lix Ibarguchi. Dentro de ella se encuentra un moderno V\u00eda Crucis repartido por toda la nave, tambi\u00e9n dise\u00f1ado y realizado por este p\u00e1rroco.<\/p>\n<p>En esta ermita se encuentra la imagen del Cristo del Perd\u00f3n, que es una r\u00e9plica de la imagen original, quemada durante la Guerra Civil.<\/p>\n<p>Con posterioridad a la Semana Santa, el \u00faltimo domingo de abril o el primero de mayo se celebra una procesi\u00f3n en honor del Cristo del Perd\u00f3n, La procesi\u00f3n termina con la llegada del Cristo a la ermita.<\/p>\n","protected":false},"author":1,"featured_media":2047,"comment_status":"open","ping_status":"closed","template":"","meta":[],"listing_category":[96,74],"event_category":[],"service_category":[],"rental_category":[],"classifieds_category":[],"listing_feature":[],"region":[62],"class_list":["post-1542","listing","type-listing","status-publish","has-post-thumbnail","hentry","listing_category-recurso-cultural","listing_category-recursos","region-barrax"],"_links":{"self":[{"href":"https:\/\/manchajucarcentro.com\/turismo\/wp-json\/wp\/v2\/listing\/1542","targetHints":{"allow":["GET"]}}],"collection":[{"href":"https:\/\/manchajucarcentro.com\/turismo\/wp-json\/wp\/v2\/listing"}],"about":[{"href":"https:\/\/manchajucarcentro.com\/turismo\/wp-json\/wp\/v2\/types\/listing"}],"author":[{"embeddable":true,"href":"https:\/\/manchajucarcentro.com\/turismo\/wp-json\/wp\/v2\/users\/1"}],"replies":[{"embeddable":true,"href":"https:\/\/manchajucarcentro.com\/turismo\/wp-json\/wp\/v2\/comments?post=1542"}],"wp:featuredmedia":[{"embeddable":true,"href":"https:\/\/manchajucarcentro.com\/turismo\/wp-json\/wp\/v2\/media\/2047"}],"wp:attachment":[{"href":"https:\/\/manchajucarcentro.com\/turismo\/wp-json\/wp\/v2\/media?parent=1542"}],"wp:term":[{"taxonomy":"listing_category","embeddable":true,"href":"https:\/\/manchajucarcentro.com\/turismo\/wp-json\/wp\/v2\/listing_category?post=1542"},{"taxonomy":"event_category","embeddable":true,"href":"https:\/\/manchajucarcentro.com\/turismo\/wp-json\/wp\/v2\/event_category?post=1542"},{"taxonomy":"service_category","embeddable":true,"href":"https:\/\/manchajucarcentro.com\/turismo\/wp-json\/wp\/v2\/service_category?post=1542"},{"taxonomy":"rental_category","embeddable":true,"href":"https:\/\/manchajucarcentro.com\/turismo\/wp-json\/wp\/v2\/rental_category?post=1542"},{"taxonomy":"classifieds_category","embeddable":true,"href":"https:\/\/manchajucarcentro.com\/turismo\/wp-json\/wp\/v2\/classifieds_category?post=1542"},{"taxonomy":"listing_feature","embeddable":true,"href":"https:\/\/manchajucarcentro.com\/turismo\/wp-json\/wp\/v2\/listing_feature?post=1542"},{"taxonomy":"region","embeddable":true,"href":"https:\/\/manchajucarcentro.com\/turismo\/wp-json\/wp\/v2\/region?post=1542"}],"curies":[{"name":"wp","href":"https:\/\/api.w.org\/{rel}","templated":true}]}}

Ermita del Cristo del Perdón

<p>Este recinto destaca por su modernidad, ya que fue reedificada en 1997 y rediseñada por el párroco Don Félix Ibarguchi. Dentro de ella se encuentra un moderno Vía Crucis repartido por toda la nave, también diseñado y realizado por este párroco.</p>
<p>En esta ermita se encuentra la imagen del Cristo del Perdón, que es una réplica de la imagen original, quemada durante la Guerra Civil.</p>
<p>Con posterioridad a la Semana Santa, el último domingo de abril o el primero de mayo se celebra una procesión en honor del Cristo del Perdón, La procesión termina con la llegada del Cristo a la ermita.</p>
