{"id":1551,"date":"2024-11-21T10:56:17","date_gmt":"2024-11-21T09:56:17","guid":{"rendered":"http:\/\/mjc.endinahosting.com\/?post_type=listing&#038;p=1551"},"modified":"2026-02-19T08:35:31","modified_gmt":"2026-02-19T07:35:31","slug":"iglesia-de-la-purisima-concepcion-barrax","status":"publish","type":"listing","link":"https:\/\/manchajucarcentro.com\/turismo\/recurso\/iglesia-de-la-purisima-concepcion-barrax\/","title":{"rendered":"Iglesia de La Pur\u00edsima Concepci\u00f3n"},"content":{"rendered":"<p>De estilo neocl\u00e1sico y ubicada en la Plaza Mayor, frente al Ayuntamiento, fue terminada en 1766, durante el reinado de Carlos III.<\/p>\n<p>La iglesia ha pasado por diferentes etapas de mantenimiento y reconstrucci\u00f3n debido a incidentes hist\u00f3ricos, como graves da\u00f1os durante la Guerra Civil y en 1945 se produjo un hundimiento que oblig\u00f3 a su reparaci\u00f3n y a la posterior reforma de su torre, que se restaur\u00f3 en el a\u00f1o 2001.<\/p>\n<p>En su interior se encuentra una pintura imitaci\u00f3n del Greco pintada por Benjam\u00edn Palencia.<\/p>\n","protected":false},"author":1,"featured_media":2045,"comment_status":"open","ping_status":"closed","template":"","meta":[],"listing_category":[96,74],"event_category":[],"service_category":[],"rental_category":[],"classifieds_category":[],"listing_feature":[],"region":[62],"class_list":["post-1551","listing","type-listing","status-publish","has-post-thumbnail","hentry","listing_category-recurso-cultural","listing_category-recursos","region-barrax"],"_links":{"self":[{"href":"https:\/\/manchajucarcentro.com\/turismo\/wp-json\/wp\/v2\/listing\/1551","targetHints":{"allow":["GET"]}}],"collection":[{"href":"https:\/\/manchajucarcentro.com\/turismo\/wp-json\/wp\/v2\/listing"}],"about":[{"href":"https:\/\/manchajucarcentro.com\/turismo\/wp-json\/wp\/v2\/types\/listing"}],"author":[{"embeddable":true,"href":"https:\/\/manchajucarcentro.com\/turismo\/wp-json\/wp\/v2\/users\/1"}],"replies":[{"embeddable":true,"href":"https:\/\/manchajucarcentro.com\/turismo\/wp-json\/wp\/v2\/comments?post=1551"}],"wp:featuredmedia":[{"embeddable":true,"href":"https:\/\/manchajucarcentro.com\/turismo\/wp-json\/wp\/v2\/media\/2045"}],"wp:attachment":[{"href":"https:\/\/manchajucarcentro.com\/turismo\/wp-json\/wp\/v2\/media?parent=1551"}],"wp:term":[{"taxonomy":"listing_category","embeddable":true,"href":"https:\/\/manchajucarcentro.com\/turismo\/wp-json\/wp\/v2\/listing_category?post=1551"},{"taxonomy":"event_category","embeddable":true,"href":"https:\/\/manchajucarcentro.com\/turismo\/wp-json\/wp\/v2\/event_category?post=1551"},{"taxonomy":"service_category","embeddable":true,"href":"https:\/\/manchajucarcentro.com\/turismo\/wp-json\/wp\/v2\/service_category?post=1551"},{"taxonomy":"rental_category","embeddable":true,"href":"https:\/\/manchajucarcentro.com\/turismo\/wp-json\/wp\/v2\/rental_category?post=1551"},{"taxonomy":"classifieds_category","embeddable":true,"href":"https:\/\/manchajucarcentro.com\/turismo\/wp-json\/wp\/v2\/classifieds_category?post=1551"},{"taxonomy":"listing_feature","embeddable":true,"href":"https:\/\/manchajucarcentro.com\/turismo\/wp-json\/wp\/v2\/listing_feature?post=1551"},{"taxonomy":"region","embeddable":true,"href":"https:\/\/manchajucarcentro.com\/turismo\/wp-json\/wp\/v2\/region?post=1551"}],"curies":[{"name":"wp","href":"https:\/\/api.w.org\/{rel}","templated":true}]}}

Iglesia de La Purísima Concepción

<p>De estilo neoclásico y ubicada en la Plaza Mayor, frente al Ayuntamiento, fue terminada en 1766, durante el reinado de Carlos III.</p>
<p>La iglesia ha pasado por diferentes etapas de mantenimiento y reconstrucción debido a incidentes históricos, como graves daños durante la Guerra Civil y en 1945 se produjo un hundimiento que obligó a su reparación y a la posterior reforma de su torre, que se restauró en el año 2001.</p>
<p>En su interior se encuentra una pintura imitación del Greco pintada por Benjamín Palencia.</p>
