{"id":2585,"date":"2024-11-29T12:12:38","date_gmt":"2024-11-29T11:12:38","guid":{"rendered":"http:\/\/mjc.endinahosting.com\/?post_type=listing&#038;p=2585"},"modified":"2026-02-17T13:42:04","modified_gmt":"2026-02-17T12:42:04","slug":"plaza-mayor-de-tarazona-de-la-mancha","status":"publish","type":"listing","link":"https:\/\/manchajucarcentro.com\/turismo\/recurso\/plaza-mayor-de-tarazona-de-la-mancha\/","title":{"rendered":"Plaza Mayor de Tarazona de la Mancha"},"content":{"rendered":"<p>La Plaza Mayor es el monumento m\u00e1s significativo y centro neur\u00e1lgico del municipio, declarada Conjunto Hist\u00f3rico-Art\u00edstico Nacional en 1968, de un car\u00e1cter muy popular, s\u00edmbolo del r\u00fastico manchego.<\/p>\n<p>Este singular conjunto arquitect\u00f3nico, data del Siglo XVII y se enmarca dentro del estilo colonial. Es una plaza rectangular, con hermosos balconajes de madera y amplios aleros.<\/p>\n<p>Se accede a ella por cuatro arcos de estilo rom\u00e1nico: el de Casta\u00f1icas, Juan y Medio, Chicharras y el del Ayuntamiento. En un principio estaba totalmente cerrada con un quinto arco, llamado de Pedro Puma, que con posterioridad fue eliminado. En uno de sus rincones, el \u00fanico en que confluyen dos arcos, se halla un escudo del Papa Inocencio XI. Por uno de estos arcos era tradici\u00f3n que entrasen los toros a la plaza, cuando antiguamente se utilizaba de coso taurino para la lidia de astados en d\u00edas de celebraciones.<\/p>\n<p>Guarda unas excelentes proporciones y se une mediante otro de los arcos al edificio m\u00e1s emblem\u00e1tico y sobresaliente de la localidad, la Iglesia Parroquial de San Bartolom\u00e9, obra de gran inter\u00e9s art\u00edstico.<\/p>\n<p>Quiz\u00e1s el conjunto estuviera pintado en alguna \u00e9poca del siglo XVIII, como lo demuestran las pinturas aparecidas en las que figuran columnas salom\u00f3nicas de estilo popular.<\/p>\n<p>Posee una fuente de estilo cl\u00e1sico construida de 1928, en conmemoraci\u00f3n a la tra\u00edda del agua potable al pueblo. Adem\u00e1s en ella se encuentra el Ayuntamiento que es la \u00fanica pieza de esta plaza construida con soportales de arcos de piedra.<\/p>\n","protected":false},"author":1,"featured_media":3910,"comment_status":"open","ping_status":"closed","template":"","meta":[],"listing_category":[96,74],"event_category":[],"service_category":[],"rental_category":[],"classifieds_category":[],"listing_feature":[],"region":[67],"class_list":["post-2585","listing","type-listing","status-publish","has-post-thumbnail","hentry","listing_category-recurso-cultural","listing_category-recursos","region-tarazona-de-la-mancha"],"_links":{"self":[{"href":"https:\/\/manchajucarcentro.com\/turismo\/wp-json\/wp\/v2\/listing\/2585","targetHints":{"allow":["GET"]}}],"collection":[{"href":"https:\/\/manchajucarcentro.com\/turismo\/wp-json\/wp\/v2\/listing"}],"about":[{"href":"https:\/\/manchajucarcentro.com\/turismo\/wp-json\/wp\/v2\/types\/listing"}],"author":[{"embeddable":true,"href":"https:\/\/manchajucarcentro.com\/turismo\/wp-json\/wp\/v2\/users\/1"}],"replies":[{"embeddable":true,"href":"https:\/\/manchajucarcentro.com\/turismo\/wp-json\/wp\/v2\/comments?post=2585"}],"wp:featuredmedia":[{"embeddable":true,"href":"https:\/\/manchajucarcentro.com\/turismo\/wp-json\/wp\/v2\/media\/3910"}],"wp:attachment":[{"href":"https:\/\/manchajucarcentro.com\/turismo\/wp-json\/wp\/v2\/media?parent=2585"}],"wp:term":[{"taxonomy":"listing_category","embeddable":true,"href":"https:\/\/manchajucarcentro.com\/turismo\/wp-json\/wp\/v2\/listing_category?post=2585"},{"taxonomy":"event_category","embeddable":true,"href":"https:\/\/manchajucarcentro.com\/turismo\/wp-json\/wp\/v2\/event_category?post=2585"},{"taxonomy":"service_category","embeddable":true,"href":"https:\/\/manchajucarcentro.com\/turismo\/wp-json\/wp\/v2\/service_category?post=2585"},{"taxonomy":"rental_category","embeddable":true,"href":"https:\/\/manchajucarcentro.com\/turismo\/wp-json\/wp\/v2\/rental_category?post=2585"},{"taxonomy":"classifieds_category","embeddable":true,"href":"https:\/\/manchajucarcentro.com\/turismo\/wp-json\/wp\/v2\/classifieds_category?post=2585"},{"taxonomy":"listing_feature","embeddable":true,"href":"https:\/\/manchajucarcentro.com\/turismo\/wp-json\/wp\/v2\/listing_feature?post=2585"},{"taxonomy":"region","embeddable":true,"href":"https:\/\/manchajucarcentro.com\/turismo\/wp-json\/wp\/v2\/region?post=2585"}],"curies":[{"name":"wp","href":"https:\/\/api.w.org\/{rel}","templated":true}]}}

<p>La Plaza Mayor es el monumento más significativo y centro neurálgico del municipio, declarada Conjunto Histórico-Artístico Nacional en 1968, de un carácter muy popular, símbolo del rústico manchego.</p>
<p>Este singular conjunto arquitectónico, data del Siglo XVII y se enmarca dentro del estilo colonial. Es una plaza rectangular, con hermosos balconajes de madera y amplios aleros.</p>
<p>Se accede a ella por cuatro arcos de estilo románico: el de Castañicas, Juan y Medio, Chicharras y el del Ayuntamiento. En un principio estaba totalmente cerrada con un quinto arco, llamado de Pedro Puma, que con posterioridad fue eliminado. En uno de sus rincones, el único en que confluyen dos arcos, se halla un escudo del Papa Inocencio XI. Por uno de estos arcos era tradición que entrasen los toros a la plaza, cuando antiguamente se utilizaba de coso taurino para la lidia de astados en días de celebraciones.</p>
<p>Guarda unas excelentes proporciones y se une mediante otro de los arcos al edificio más emblemático y sobresaliente de la localidad, la Iglesia Parroquial de San Bartolomé, obra de gran interés artístico.</p>
<p>Quizás el conjunto estuviera pintado en alguna época del siglo XVIII, como lo demuestran las pinturas aparecidas en las que figuran columnas salomónicas de estilo popular.</p>
<p>Posee una fuente de estilo clásico construida de 1928, en conmemoración a la traída del agua potable al pueblo. Además en ella se encuentra el Ayuntamiento que es la única pieza de esta plaza construida con soportales de arcos de piedra.</p>
