{"id":2913,"date":"2024-12-04T12:45:57","date_gmt":"2024-12-04T11:45:57","guid":{"rendered":"http:\/\/mjc.endinahosting.com\/?post_type=listing&#038;p=2913"},"modified":"2026-02-17T14:11:17","modified_gmt":"2026-02-17T13:11:17","slug":"cucos-o-cubillos","status":"publish","type":"listing","link":"https:\/\/manchajucarcentro.com\/turismo\/recurso\/cucos-o-cubillos\/","title":{"rendered":"Cucos o cubillos"},"content":{"rendered":"<p>Los cucos o cubillos de Barrax son peque\u00f1as edificaciones rurales, aisladas y dispersas por el paisaje manchego, que destacan por su t\u00e9cnica constructiva tradicional. Generalmente est\u00e1n construidos con piedra y barro, y en algunos casos \u00fanicamente con piedra seca, empleando una t\u00e9cnica artesanal basada en la colocaci\u00f3n de hiladas de piedra en voladizo para formar estructuras en forma de ojiva con planta circular.<\/p>\n<p>En Barrax y sus alrededores se conservan varios ejemplos de estas construcciones. Algunos cucos, como el de la Finca de Ca\u00f1ablanca, serv\u00edan de refugio nocturno para labradores y pastores durante sus jornadas en el campo. Por otro lado, otros cucos ubicados dentro del municipio ten\u00edan una funci\u00f3n diferente: proteg\u00edan las bocas de los aljibes de donde beb\u00edan agua los sembradores y tambi\u00e9n se utilizaban como puntos de extracci\u00f3n de agua, indispensable en las primeras etapas de la mecanizaci\u00f3n agr\u00edcola, siendo fundamentales para el funcionamiento del primer tractor que lleg\u00f3 a Barrax.<\/p>\n<p>Estas edificaciones son un testimonio del ingenio y la adaptaci\u00f3n al entorno de las comunidades rurales, reflejando el modo de vida ligado a la agricultura y la ganader\u00eda en La Mancha. Los cucos no solo forman parte del patrimonio cultural de la regi\u00f3n, sino que tambi\u00e9n evocan un pasado en el que estas peque\u00f1as construcciones desempe\u00f1aban un papel esencial en la supervivencia diaria.<\/p>\n","protected":false},"author":1,"featured_media":2918,"comment_status":"open","ping_status":"closed","template":"","meta":[],"listing_category":[96,74],"event_category":[],"service_category":[],"rental_category":[],"classifieds_category":[],"listing_feature":[],"region":[62],"class_list":["post-2913","listing","type-listing","status-publish","has-post-thumbnail","hentry","listing_category-recurso-cultural","listing_category-recursos","region-barrax"],"_links":{"self":[{"href":"https:\/\/manchajucarcentro.com\/turismo\/wp-json\/wp\/v2\/listing\/2913","targetHints":{"allow":["GET"]}}],"collection":[{"href":"https:\/\/manchajucarcentro.com\/turismo\/wp-json\/wp\/v2\/listing"}],"about":[{"href":"https:\/\/manchajucarcentro.com\/turismo\/wp-json\/wp\/v2\/types\/listing"}],"author":[{"embeddable":true,"href":"https:\/\/manchajucarcentro.com\/turismo\/wp-json\/wp\/v2\/users\/1"}],"replies":[{"embeddable":true,"href":"https:\/\/manchajucarcentro.com\/turismo\/wp-json\/wp\/v2\/comments?post=2913"}],"wp:featuredmedia":[{"embeddable":true,"href":"https:\/\/manchajucarcentro.com\/turismo\/wp-json\/wp\/v2\/media\/2918"}],"wp:attachment":[{"href":"https:\/\/manchajucarcentro.com\/turismo\/wp-json\/wp\/v2\/media?parent=2913"}],"wp:term":[{"taxonomy":"listing_category","embeddable":true,"href":"https:\/\/manchajucarcentro.com\/turismo\/wp-json\/wp\/v2\/listing_category?post=2913"},{"taxonomy":"event_category","embeddable":true,"href":"https:\/\/manchajucarcentro.com\/turismo\/wp-json\/wp\/v2\/event_category?post=2913"},{"taxonomy":"service_category","embeddable":true,"href":"https:\/\/manchajucarcentro.com\/turismo\/wp-json\/wp\/v2\/service_category?post=2913"},{"taxonomy":"rental_category","embeddable":true,"href":"https:\/\/manchajucarcentro.com\/turismo\/wp-json\/wp\/v2\/rental_category?post=2913"},{"taxonomy":"classifieds_category","embeddable":true,"href":"https:\/\/manchajucarcentro.com\/turismo\/wp-json\/wp\/v2\/classifieds_category?post=2913"},{"taxonomy":"listing_feature","embeddable":true,"href":"https:\/\/manchajucarcentro.com\/turismo\/wp-json\/wp\/v2\/listing_feature?post=2913"},{"taxonomy":"region","embeddable":true,"href":"https:\/\/manchajucarcentro.com\/turismo\/wp-json\/wp\/v2\/region?post=2913"}],"curies":[{"name":"wp","href":"https:\/\/api.w.org\/{rel}","templated":true}]}}

<p>Los cucos o cubillos de Barrax son pequeñas edificaciones rurales, aisladas y dispersas por el paisaje manchego, que destacan por su técnica constructiva tradicional. Generalmente están construidos con piedra y barro, y en algunos casos únicamente con piedra seca, empleando una técnica artesanal basada en la colocación de hiladas de piedra en voladizo para formar estructuras en forma de ojiva con planta circular.</p>
<p>En Barrax y sus alrededores se conservan varios ejemplos de estas construcciones. Algunos cucos, como el de la Finca de Cañablanca, servían de refugio nocturno para labradores y pastores durante sus jornadas en el campo. Por otro lado, otros cucos ubicados dentro del municipio tenían una función diferente: protegían las bocas de los aljibes de donde bebían agua los sembradores y también se utilizaban como puntos de extracción de agua, indispensable en las primeras etapas de la mecanización agrícola, siendo fundamentales para el funcionamiento del primer tractor que llegó a Barrax.</p>
<p>Estas edificaciones son un testimonio del ingenio y la adaptación al entorno de las comunidades rurales, reflejando el modo de vida ligado a la agricultura y la ganadería en La Mancha. Los cucos no solo forman parte del patrimonio cultural de la región, sino que también evocan un pasado en el que estas pequeñas construcciones desempeñaban un papel esencial en la supervivencia diaria.</p>
