{"id":4265,"date":"2025-01-28T12:02:43","date_gmt":"2025-01-28T11:02:43","guid":{"rendered":"https:\/\/manchajucarcentro.com\/turismo\/?post_type=listing&#038;p=4265"},"modified":"2025-01-28T12:04:07","modified_gmt":"2025-01-28T11:04:07","slug":"plaza-ramon-y-cajal","status":"publish","type":"listing","link":"https:\/\/manchajucarcentro.com\/turismo\/recurso\/plaza-ramon-y-cajal\/","title":{"rendered":"Plaza Ram\u00f3n y Cajal"},"content":{"rendered":"<p>Declarado por la Real Academia de Bellas Artes de San Fernando en 1972. Dicha declaraci\u00f3n se obtuvo en reconocimiento al valor hist\u00f3rico y arquitect\u00f3nico de los distintos edificios que rodean el espacio y al propio valor hist\u00f3rico del espacio.<\/p>\n<p>La plaza de Ram\u00f3n y Cajal, conocida popularmente como \u201cPlaza Vieja\u201d, es, adem\u00e1s, el punto de origen de Villarrobledo y desde siempre ha sido el centro neur\u00e1lgico de la vida social y cultural de la ciudad.<\/p>\n<p>Dentro de este Conjunto Hist\u00f3rico\/Art\u00edstico destacan tres edificios emblem\u00e1ticos: la Casa de Andr\u00e9s Lopez-Mu\u00f1oz, la Casa Consistorial y la Iglesia de San Blas<\/p>\n","protected":false},"author":1,"featured_media":4267,"comment_status":"open","ping_status":"closed","template":"","meta":[],"listing_category":[96,74],"event_category":[],"service_category":[],"rental_category":[],"classifieds_category":[],"listing_feature":[],"region":[69],"class_list":["post-4265","listing","type-listing","status-publish","has-post-thumbnail","hentry","listing_category-recurso-cultural","listing_category-recursos","region-villarrobledo"],"_links":{"self":[{"href":"https:\/\/manchajucarcentro.com\/turismo\/wp-json\/wp\/v2\/listing\/4265","targetHints":{"allow":["GET"]}}],"collection":[{"href":"https:\/\/manchajucarcentro.com\/turismo\/wp-json\/wp\/v2\/listing"}],"about":[{"href":"https:\/\/manchajucarcentro.com\/turismo\/wp-json\/wp\/v2\/types\/listing"}],"author":[{"embeddable":true,"href":"https:\/\/manchajucarcentro.com\/turismo\/wp-json\/wp\/v2\/users\/1"}],"replies":[{"embeddable":true,"href":"https:\/\/manchajucarcentro.com\/turismo\/wp-json\/wp\/v2\/comments?post=4265"}],"wp:featuredmedia":[{"embeddable":true,"href":"https:\/\/manchajucarcentro.com\/turismo\/wp-json\/wp\/v2\/media\/4267"}],"wp:attachment":[{"href":"https:\/\/manchajucarcentro.com\/turismo\/wp-json\/wp\/v2\/media?parent=4265"}],"wp:term":[{"taxonomy":"listing_category","embeddable":true,"href":"https:\/\/manchajucarcentro.com\/turismo\/wp-json\/wp\/v2\/listing_category?post=4265"},{"taxonomy":"event_category","embeddable":true,"href":"https:\/\/manchajucarcentro.com\/turismo\/wp-json\/wp\/v2\/event_category?post=4265"},{"taxonomy":"service_category","embeddable":true,"href":"https:\/\/manchajucarcentro.com\/turismo\/wp-json\/wp\/v2\/service_category?post=4265"},{"taxonomy":"rental_category","embeddable":true,"href":"https:\/\/manchajucarcentro.com\/turismo\/wp-json\/wp\/v2\/rental_category?post=4265"},{"taxonomy":"classifieds_category","embeddable":true,"href":"https:\/\/manchajucarcentro.com\/turismo\/wp-json\/wp\/v2\/classifieds_category?post=4265"},{"taxonomy":"listing_feature","embeddable":true,"href":"https:\/\/manchajucarcentro.com\/turismo\/wp-json\/wp\/v2\/listing_feature?post=4265"},{"taxonomy":"region","embeddable":true,"href":"https:\/\/manchajucarcentro.com\/turismo\/wp-json\/wp\/v2\/region?post=4265"}],"curies":[{"name":"wp","href":"https:\/\/api.w.org\/{rel}","templated":true}]}}

Plaza Ramón y Cajal

<p>Declarado por la Real Academia de Bellas Artes de San Fernando en 1972. Dicha declaración se obtuvo en reconocimiento al valor histórico y arquitectónico de los distintos edificios que rodean el espacio y al propio valor histórico del espacio.</p>
<p>La plaza de Ramón y Cajal, conocida popularmente como “Plaza Vieja”, es, además, el punto de origen de Villarrobledo y desde siempre ha sido el centro neurálgico de la vida social y cultural de la ciudad.</p>
<p>Dentro de este Conjunto Histórico/Artístico destacan tres edificios emblemáticos: la Casa de Andrés Lopez-Muñoz, la Casa Consistorial y la Iglesia de San Blas</p>
