{"id":1877,"date":"2024-11-26T11:43:07","date_gmt":"2024-11-26T10:43:07","guid":{"rendered":"http:\/\/mjc.endinahosting.com\/?page_id=1877"},"modified":"2025-03-07T11:06:04","modified_gmt":"2025-03-07T10:06:04","slug":"rutas","status":"publish","type":"page","link":"https:\/\/manchajucarcentro.com\/turismo\/rutas\/","title":{"rendered":"Rutas"},"content":{"rendered":"\t\t<div data-elementor-type=\"wp-page\" data-elementor-id=\"1877\" class=\"elementor elementor-1877\">\n\t\t\t\t<div class=\"elementor-element elementor-element-c21e5cb e-flex e-con-boxed e-con e-parent\" data-id=\"c21e5cb\" data-element_type=\"container\">\n\t\t\t\t\t<div class=\"e-con-inner\">\n\t\t<div class=\"elementor-element elementor-element-76613b3 e-con-full e-flex e-con e-child\" data-id=\"76613b3\" data-element_type=\"container\">\n\t\t\t\t<div class=\"elementor-element elementor-element-7ce4f10 elementor-widget elementor-widget-text-editor\" data-id=\"7ce4f10\" data-element_type=\"widget\" data-widget_type=\"text-editor.default\">\n\t\t\t\t<div class=\"elementor-widget-container\">\n\t\t\t\t\t\t\t<p>La Comarca Mancha J\u00facar-Centro ofrece una experiencia \u00fanica para los amantes del senderismo, el ciclismo y el turismo activo, destacando por la diversidad de sus paisajes y el rico patrimonio cultural que atraviesan sus rutas. Recorridos como la Ruta del Quijote, la Ruta del Azafr\u00e1n, la Ruta de las Huertas en Villarrobledo o la Ruta de Benjam\u00edn Palencia en Barrax, conectan al visitante con el entorno, permiti\u00e9ndole explorar desde extensos vi\u00f1edos hasta pintorescos pueblos y monumentos hist\u00f3ricos.<\/p>\t\t\t\t\t\t<\/div>\n\t\t\t\t<\/div>\n\t\t\t\t<\/div>\n\t\t<div class=\"elementor-element elementor-element-a752842 e-con-full e-flex e-con e-child\" data-id=\"a752842\" data-element_type=\"container\">\n\t\t\t\t<div class=\"elementor-element elementor-element-69a4276 elementor-widget elementor-widget-text-editor\" data-id=\"69a4276\" data-element_type=\"widget\" data-widget_type=\"text-editor.default\">\n\t\t\t\t<div class=\"elementor-widget-container\">\n\t\t\t\t\t\t\tDisfruta de actividades complementarias como visitas a bodegas, queser\u00edas y talleres artesanales, conectando con la esencia de la comarca y la hospitalidad de sus pueblos; lugares donde cada paso cuenta una historia.\t\t\t\t\t\t<\/div>\n\t\t\t\t<\/div>\n\t\t\t\t<\/div>\n\t\t\t\t\t<\/div>\n\t\t\t\t<\/div>\n\t\t<div class=\"elementor-element elementor-element-56df3d7 e-flex e-con-boxed e-con e-parent\" data-id=\"56df3d7\" data-element_type=\"container\" data-settings=\"{&quot;background_background&quot;:&quot;classic&quot;}\">\n\t\t\t\t\t<div class=\"e-con-inner\">\n\t\t\t\t<div class=\"elementor-element elementor-element-3428398 elementor-widget__width-initial elementor-widget elementor-widget-listeo-headline\" data-id=\"3428398\" data-element_type=\"widget\" data-widget_type=\"listeo-headline.default\">\n\t\t\t\t<div class=\"elementor-widget-container\">\n\t\t\t\t\t<h3 \n\t\tstyle=\"text-align:center;\" class=\"headline  headline-aligned-to-center headline-extra-spacing headline-box  headline-with-subtitle \"> Rutas que conectan historia, naturaleza y tradici\u00f3n  <span > Camina, pedalea y descubre caminos y recorridos \u00fanicos<\/span><\/h3>\n\t\t\t\t<\/div>\n\t\t\t\t<\/div>\n\t\t\t\t<div class=\"elementor-element elementor-element-f137c12 elementor-widget elementor-widget-listeo-posts-grid\" data-id=\"f137c12\" data-element_type=\"widget\" data-widget_type=\"listeo-posts-grid.default\">\n\t\t\t\t<div class=\"elementor-widget-container\">\n\t\t\t\t\t\n\t\t<div class=\"listeo-post-grid-wrapper\">\n\t\t\t<div class=\"row\">\n\n\t\t\t\n\n\t\t\t\t\t\t\t<div class=\"col-md-4\">\n                <a href=\"https:\/\/manchajucarcentro.com\/turismo\/ruta-de-las-avutardas\/\" class=\"blog-compact-item-container\">\n                    <div class=\"blog-compact-item\">\n                        <img fetchpriority=\"high\" decoding=\"async\" width=\"577\" height=\"769\" src=\"https:\/\/manchajucarcentro.com\/turismo\/wp-content\/uploads\/2024\/12\/Ruta-de-las-Avutardas-Villarrobledo-3-577x769.jpg\" class=\"attachment-listeo-blog-related-post size-listeo-blog-related-post wp-post-image\" alt=\"\" srcset=\"https:\/\/manchajucarcentro.com\/turismo\/wp-content\/uploads\/2024\/12\/Ruta-de-las-Avutardas-Villarrobledo-3-577x769.jpg 577w, https:\/\/manchajucarcentro.com\/turismo\/wp-content\/uploads\/2024\/12\/Ruta-de-las-Avutardas-Villarrobledo-3-225x300.jpg 225w, https:\/\/manchajucarcentro.com\/turismo\/wp-content\/uploads\/2024\/12\/Ruta-de-las-Avutardas-Villarrobledo-3-443x590.jpg 443w, https:\/\/manchajucarcentro.com\/turismo\/wp-content\/uploads\/2024\/12\/Ruta-de-las-Avutardas-Villarrobledo-3-503x670.jpg 503w, https:\/\/manchajucarcentro.com\/turismo\/wp-content\/uploads\/2024\/12\/Ruta-de-las-Avutardas-Villarrobledo-3.jpg 700w\" sizes=\"(max-width: 577px) 100vw, 577px\" \/><span class=\"blog-item-tag\">Rutas<\/span>                        \n                        <div class=\"blog-compact-item-content\">\n                                                        <h3>Ruta de las Avutardas<\/h3>\n                                                        <p>La Ruta de las Avutardas en Villarrobledo ofrece una experiencia \u00fanica para los amantes de...                            <\/p>\n                                                    <\/div>\n                    <\/div>\n                <\/a>\n            <\/div>\n\t\t\t<div class=\"col-md-4\">\n                <a href=\"https:\/\/manchajucarcentro.com\/turismo\/rutas-de-los-cubillos\/\" class=\"blog-compact-item-container\">\n                    <div class=\"blog-compact-item\">\n                        <img decoding=\"async\" width=\"577\" height=\"325\" src=\"https:\/\/manchajucarcentro.com\/turismo\/wp-content\/uploads\/2024\/12\/Rutas-de-los-Cubillos-Minaya-9-577x325.jpg\" class=\"attachment-listeo-blog-related-post size-listeo-blog-related-post wp-post-image\" alt=\"\" srcset=\"https:\/\/manchajucarcentro.com\/turismo\/wp-content\/uploads\/2024\/12\/Rutas-de-los-Cubillos-Minaya-9-577x325.jpg 577w, https:\/\/manchajucarcentro.com\/turismo\/wp-content\/uploads\/2024\/12\/Rutas-de-los-Cubillos-Minaya-9-300x169.jpg 300w, https:\/\/manchajucarcentro.com\/turismo\/wp-content\/uploads\/2024\/12\/Rutas-de-los-Cubillos-Minaya-9-1024x576.jpg 1024w, https:\/\/manchajucarcentro.com\/turismo\/wp-content\/uploads\/2024\/12\/Rutas-de-los-Cubillos-Minaya-9-768x432.jpg 768w, https:\/\/manchajucarcentro.com\/turismo\/wp-content\/uploads\/2024\/12\/Rutas-de-los-Cubillos-Minaya-9-1536x864.jpg 1536w, https:\/\/manchajucarcentro.com\/turismo\/wp-content\/uploads\/2024\/12\/Rutas-de-los-Cubillos-Minaya-9-590x332.jpg 590w, https:\/\/manchajucarcentro.com\/turismo\/wp-content\/uploads\/2024\/12\/Rutas-de-los-Cubillos-Minaya-9-1191x670.jpg 1191w, https:\/\/manchajucarcentro.com\/turismo\/wp-content\/uploads\/2024\/12\/Rutas-de-los-Cubillos-Minaya-9-1200x675.jpg 1200w, https:\/\/manchajucarcentro.com\/turismo\/wp-content\/uploads\/2024\/12\/Rutas-de-los-Cubillos-Minaya-9.jpg 1600w\" sizes=\"(max-width: 577px) 100vw, 577px\" \/><span class=\"blog-item-tag\">Rutas<\/span>                        \n                        <div class=\"blog-compact-item-content\">\n                                                        <h3>Rutas de los Cubillos<\/h3>\n                                                        <p>Las rutas de los Cubillos son 4 rutas en Minaya donde podr\u00e1s descubrir y admirar...                            <\/p>\n                                                    <\/div>\n                    <\/div>\n                <\/a>\n            <\/div>\n\t\t\t<div class=\"col-md-4\">\n                <a href=\"https:\/\/manchajucarcentro.com\/turismo\/ruta-patrimonial\/\" class=\"blog-compact-item-container\">\n                    <div class=\"blog-compact-item\">\n                        <img decoding=\"async\" width=\"577\" height=\"697\" src=\"https:\/\/manchajucarcentro.com\/turismo\/wp-content\/uploads\/2024\/12\/Ruta-Patrimonial-Tarazona-de-la-Mancha-3-577x697.jpg\" class=\"attachment-listeo-blog-related-post size-listeo-blog-related-post wp-post-image\" alt=\"\" srcset=\"https:\/\/manchajucarcentro.com\/turismo\/wp-content\/uploads\/2024\/12\/Ruta-Patrimonial-Tarazona-de-la-Mancha-3-577x697.jpg 577w, https:\/\/manchajucarcentro.com\/turismo\/wp-content\/uploads\/2024\/12\/Ruta-Patrimonial-Tarazona-de-la-Mancha-3-248x300.jpg 248w, https:\/\/manchajucarcentro.com\/turismo\/wp-content\/uploads\/2024\/12\/Ruta-Patrimonial-Tarazona-de-la-Mancha-3-848x1024.jpg 848w, https:\/\/manchajucarcentro.com\/turismo\/wp-content\/uploads\/2024\/12\/Ruta-Patrimonial-Tarazona-de-la-Mancha-3-768x927.jpg 768w, https:\/\/manchajucarcentro.com\/turismo\/wp-content\/uploads\/2024\/12\/Ruta-Patrimonial-Tarazona-de-la-Mancha-3-489x590.jpg 489w, https:\/\/manchajucarcentro.com\/turismo\/wp-content\/uploads\/2024\/12\/Ruta-Patrimonial-Tarazona-de-la-Mancha-3-555x670.jpg 555w, https:\/\/manchajucarcentro.com\/turismo\/wp-content\/uploads\/2024\/12\/Ruta-Patrimonial-Tarazona-de-la-Mancha-3.jpg 960w\" sizes=\"(max-width: 577px) 100vw, 577px\" \/><span class=\"blog-item-tag\">Rutas<\/span>                        \n                        <div class=\"blog-compact-item-content\">\n                                                        <h3>Ruta patrimonial<\/h3>\n                                                        <p>La Ruta Patrimonial de Tarazona de la Mancha permite al visitante adentrarse en la historia...                            <\/p>\n                                                    <\/div>\n                    <\/div>\n                <\/a>\n            <\/div>\n  <\/div>\n        <\/div>\n        \t\t<\/div>\n\t\t\t\t<\/div>\n\t\t\t\t\t<\/div>\n\t\t\t\t<\/div>\n\t\t<div class=\"elementor-element elementor-element-3b785683 e-flex e-con-boxed e-con e-parent\" data-id=\"3b785683\" data-element_type=\"container\" data-settings=\"{&quot;background_background&quot;:&quot;classic&quot;}\">\n\t\t\t\t\t<div class=\"e-con-inner\">\n\t\t\t\t<div class=\"elementor-element elementor-element-77423192 elementor-align-center elementor-widget elementor-widget-button\" data-id=\"77423192\" data-element_type=\"widget\" data-widget_type=\"button.default\">\n\t\t\t\t<div class=\"elementor-widget-container\">\n\t\t\t\t\t<div class=\"elementor-button-wrapper\">\n\t\t\t<a class=\"elementor-button elementor-button-link elementor-size-sm\" href=\"https:\/\/manchajucarcentro.com\/turismo\/category\/rutas\/page\/2\/\">\n\t\t\t\t\t\t<span class=\"elementor-button-content-wrapper\">\n\t\t\t\t\t\t\t\t\t<span class=\"elementor-button-text\">Ver m\u00e1s<\/span>\n\t\t\t\t\t<\/span>\n\t\t\t\t\t<\/a>\n\t\t<\/div>\n\t\t\t\t<\/div>\n\t\t\t\t<\/div>\n\t\t\t\t\t<\/div>\n\t\t\t\t<\/div>\n\t\t\t\t<\/div>\n\t\t","protected":false},"excerpt":{"rendered":"<p>La Comarca Mancha J\u00facar-Centro ofrece una experiencia \u00fanica para los amantes del senderismo, el ciclismo y el turismo activo, destacando por la diversidad de sus paisajes y el rico patrimonio cultural que atraviesan sus rutas. Recorridos como la Ruta del Quijote, la Ruta del Azafr\u00e1n, la Ruta de las Huertas en Villarrobledo o la Ruta [&hellip;]<\/p>\n","protected":false},"author":1,"featured_media":0,"parent":0,"menu_order":0,"comment_status":"closed","ping_status":"closed","template":"","meta":{"footnotes":""},"class_list":["post-1877","page","type-page","status-publish","hentry"],"_links":{"self":[{"href":"https:\/\/manchajucarcentro.com\/turismo\/wp-json\/wp\/v2\/pages\/1877","targetHints":{"allow":["GET"]}}],"collection":[{"href":"https:\/\/manchajucarcentro.com\/turismo\/wp-json\/wp\/v2\/pages"}],"about":[{"href":"https:\/\/manchajucarcentro.com\/turismo\/wp-json\/wp\/v2\/types\/page"}],"author":[{"embeddable":true,"href":"https:\/\/manchajucarcentro.com\/turismo\/wp-json\/wp\/v2\/users\/1"}],"replies":[{"embeddable":true,"href":"https:\/\/manchajucarcentro.com\/turismo\/wp-json\/wp\/v2\/comments?post=1877"}],"version-history":[{"count":37,"href":"https:\/\/manchajucarcentro.com\/turismo\/wp-json\/wp\/v2\/pages\/1877\/revisions"}],"predecessor-version":[{"id":4677,"href":"https:\/\/manchajucarcentro.com\/turismo\/wp-json\/wp\/v2\/pages\/1877\/revisions\/4677"}],"wp:attachment":[{"href":"https:\/\/manchajucarcentro.com\/turismo\/wp-json\/wp\/v2\/media?parent=1877"}],"curies":[{"name":"wp","href":"https:\/\/api.w.org\/{rel}","templated":true}]}}

<div data-elementor-type="wp-page" data-elementor-id="1877" class="elementor elementor-1877">
				<div class="elementor-element elementor-element-c21e5cb e-flex e-con-boxed e-con e-parent" data-id="c21e5cb" data-element_type="container">
					<div class="e-con-inner">
		<div class="elementor-element elementor-element-76613b3 e-con-full e-flex e-con e-child" data-id="76613b3" data-element_type="container">
				<div class="elementor-element elementor-element-7ce4f10 elementor-widget elementor-widget-text-editor" data-id="7ce4f10" data-element_type="widget" data-widget_type="text-editor.default">
				<div class="elementor-widget-container">
							<p>La Comarca Mancha Júcar-Centro ofrece una experiencia única para los amantes del senderismo, el ciclismo y el turismo activo, destacando por la diversidad de sus paisajes y el rico patrimonio cultural que atraviesan sus rutas. Recorridos como la Ruta del Quijote, la Ruta del Azafrán, la Ruta de las Huertas en Villarrobledo o la Ruta de Benjamín Palencia en Barrax, conectan al visitante con el entorno, permitiéndole explorar desde extensos viñedos hasta pintorescos pueblos y monumentos históricos.</p>						</div>
				</div>
				</div>
		<div class="elementor-element elementor-element-a752842 e-con-full e-flex e-con e-child" data-id="a752842" data-element_type="container">
				<div class="elementor-element elementor-element-69a4276 elementor-widget elementor-widget-text-editor" data-id="69a4276" data-element_type="widget" data-widget_type="text-editor.default">
				<div class="elementor-widget-container">
							Disfruta de actividades complementarias como visitas a bodegas, queserías y talleres artesanales, conectando con la esencia de la comarca y la hospitalidad de sus pueblos; lugares donde cada paso cuenta una historia.						</div>
				</div>
				</div>
					</div>
				</div>
		<div class="elementor-element elementor-element-56df3d7 e-flex e-con-boxed e-con e-parent" data-id="56df3d7" data-element_type="container" data-settings="{&quot;background_background&quot;:&quot;classic&quot;}">
					<div class="e-con-inner">
				<div class="elementor-element elementor-element-3428398 elementor-widget__width-initial elementor-widget elementor-widget-listeo-headline" data-id="3428398" data-element_type="widget" data-widget_type="listeo-headline.default">
				<div class="elementor-widget-container">
					<h3 
		style="text-align:center;" class="headline  headline-aligned-to-center headline-extra-spacing headline-box  headline-with-subtitle "> Rutas que conectan historia, naturaleza y tradición  <span > Camina, pedalea y descubre caminos y recorridos únicos</span></h3>
				</div>
				</div>
				<div class="elementor-element elementor-element-f137c12 elementor-widget elementor-widget-listeo-posts-grid" data-id="f137c12" data-element_type="widget" data-widget_type="listeo-posts-grid.default">
				<div class="elementor-widget-container">
					
		<div class="listeo-post-grid-wrapper">
			<div class="row">

			

							<div class="col-md-4">
                <a href="https://manchajucarcentro.com/turismo/ruta-de-las-avutardas/" class="blog-compact-item-container">
                    <div class="blog-compact-item">
                        <img fetchpriority="high" decoding="async" width="577" height="769" src="https://manchajucarcentro.com/turismo/wp-content/uploads/2024/12/Ruta-de-las-Avutardas-Villarrobledo-3-577x769.jpg" class="attachment-listeo-blog-related-post size-listeo-blog-related-post wp-post-image" alt="" srcset="https://manchajucarcentro.com/turismo/wp-content/uploads/2024/12/Ruta-de-las-Avutardas-Villarrobledo-3-577x769.jpg 577w, https://manchajucarcentro.com/turismo/wp-content/uploads/2024/12/Ruta-de-las-Avutardas-Villarrobledo-3-225x300.jpg 225w, https://manchajucarcentro.com/turismo/wp-content/uploads/2024/12/Ruta-de-las-Avutardas-Villarrobledo-3-443x590.jpg 443w, https://manchajucarcentro.com/turismo/wp-content/uploads/2024/12/Ruta-de-las-Avutardas-Villarrobledo-3-503x670.jpg 503w, https://manchajucarcentro.com/turismo/wp-content/uploads/2024/12/Ruta-de-las-Avutardas-Villarrobledo-3.jpg 700w" sizes="(max-width: 577px) 100vw, 577px" /><span class="blog-item-tag">Rutas</span>                        
                        <div class="blog-compact-item-content">
                                                        <h3>Ruta de las Avutardas</h3>
                                                        <p>La Ruta de las Avutardas en Villarrobledo ofrece una experiencia única para los amantes de...                            </p>
                                                    </div>
                    </div>
                </a>
            </div>
			<div class="col-md-4">
                <a href="https://manchajucarcentro.com/turismo/rutas-de-los-cubillos/" class="blog-compact-item-container">
                    <div class="blog-compact-item">
                        <img decoding="async" width="577" height="325" src="https://manchajucarcentro.com/turismo/wp-content/uploads/2024/12/Rutas-de-los-Cubillos-Minaya-9-577x325.jpg" class="attachment-listeo-blog-related-post size-listeo-blog-related-post wp-post-image" alt="" srcset="https://manchajucarcentro.com/turismo/wp-content/uploads/2024/12/Rutas-de-los-Cubillos-Minaya-9-577x325.jpg 577w, https://manchajucarcentro.com/turismo/wp-content/uploads/2024/12/Rutas-de-los-Cubillos-Minaya-9-300x169.jpg 300w, https://manchajucarcentro.com/turismo/wp-content/uploads/2024/12/Rutas-de-los-Cubillos-Minaya-9-1024x576.jpg 1024w, https://manchajucarcentro.com/turismo/wp-content/uploads/2024/12/Rutas-de-los-Cubillos-Minaya-9-768x432.jpg 768w, https://manchajucarcentro.com/turismo/wp-content/uploads/2024/12/Rutas-de-los-Cubillos-Minaya-9-1536x864.jpg 1536w, https://manchajucarcentro.com/turismo/wp-content/uploads/2024/12/Rutas-de-los-Cubillos-Minaya-9-590x332.jpg 590w, https://manchajucarcentro.com/turismo/wp-content/uploads/2024/12/Rutas-de-los-Cubillos-Minaya-9-1191x670.jpg 1191w, https://manchajucarcentro.com/turismo/wp-content/uploads/2024/12/Rutas-de-los-Cubillos-Minaya-9-1200x675.jpg 1200w, https://manchajucarcentro.com/turismo/wp-content/uploads/2024/12/Rutas-de-los-Cubillos-Minaya-9.jpg 1600w" sizes="(max-width: 577px) 100vw, 577px" /><span class="blog-item-tag">Rutas</span>                        
                        <div class="blog-compact-item-content">
                                                        <h3>Rutas de los Cubillos</h3>
                                                        <p>Las rutas de los Cubillos son 4 rutas en Minaya donde podrás descubrir y admirar...                            </p>
                                                    </div>
                    </div>
                </a>
            </div>
			<div class="col-md-4">
                <a href="https://manchajucarcentro.com/turismo/ruta-patrimonial/" class="blog-compact-item-container">
                    <div class="blog-compact-item">
                        <img decoding="async" width="577" height="697" src="https://manchajucarcentro.com/turismo/wp-content/uploads/2024/12/Ruta-Patrimonial-Tarazona-de-la-Mancha-3-577x697.jpg" class="attachment-listeo-blog-related-post size-listeo-blog-related-post wp-post-image" alt="" srcset="https://manchajucarcentro.com/turismo/wp-content/uploads/2024/12/Ruta-Patrimonial-Tarazona-de-la-Mancha-3-577x697.jpg 577w, https://manchajucarcentro.com/turismo/wp-content/uploads/2024/12/Ruta-Patrimonial-Tarazona-de-la-Mancha-3-248x300.jpg 248w, https://manchajucarcentro.com/turismo/wp-content/uploads/2024/12/Ruta-Patrimonial-Tarazona-de-la-Mancha-3-848x1024.jpg 848w, https://manchajucarcentro.com/turismo/wp-content/uploads/2024/12/Ruta-Patrimonial-Tarazona-de-la-Mancha-3-768x927.jpg 768w, https://manchajucarcentro.com/turismo/wp-content/uploads/2024/12/Ruta-Patrimonial-Tarazona-de-la-Mancha-3-489x590.jpg 489w, https://manchajucarcentro.com/turismo/wp-content/uploads/2024/12/Ruta-Patrimonial-Tarazona-de-la-Mancha-3-555x670.jpg 555w, https://manchajucarcentro.com/turismo/wp-content/uploads/2024/12/Ruta-Patrimonial-Tarazona-de-la-Mancha-3.jpg 960w" sizes="(max-width: 577px) 100vw, 577px" /><span class="blog-item-tag">Rutas</span>                        
                        <div class="blog-compact-item-content">
                                                        <h3>Ruta patrimonial</h3>
                                                        <p>La Ruta Patrimonial de Tarazona de la Mancha permite al visitante adentrarse en la historia...                            </p>
                                                    </div>
                    </div>
                </a>
            </div>
  </div>
        </div>
        		</div>
				</div>
					</div>
				</div>
		<div class="elementor-element elementor-element-3b785683 e-flex e-con-boxed e-con e-parent" data-id="3b785683" data-element_type="container" data-settings="{&quot;background_background&quot;:&quot;classic&quot;}">
					<div class="e-con-inner">
				<div class="elementor-element elementor-element-77423192 elementor-align-center elementor-widget elementor-widget-button" data-id="77423192" data-element_type="widget" data-widget_type="button.default">
				<div class="elementor-widget-container">
					<div class="elementor-button-wrapper">
			<a class="elementor-button elementor-button-link elementor-size-sm" href="https://manchajucarcentro.com/turismo/category/rutas/page/2/">
						<span class="elementor-button-content-wrapper">
									<span class="elementor-button-text">Ver más</span>
					</span>
					</a>
		</div>
				</div>
				</div>
					</div>
				</div>
				</div>

<p>La Comarca Mancha Júcar-Centro ofrece una experiencia única para los amantes del senderismo, el ciclismo y el turismo activo, destacando por la diversidad de sus paisajes y el rico patrimonio cultural que atraviesan sus rutas. Recorridos como la Ruta del Quijote, la Ruta del Azafrán, la Ruta de las Huertas en Villarrobledo o la Ruta [&hellip;]</p>
