{"id":1879,"date":"2024-11-26T11:42:51","date_gmt":"2024-11-26T10:42:51","guid":{"rendered":"http:\/\/mjc.endinahosting.com\/?page_id=1879"},"modified":"2025-03-07T11:05:42","modified_gmt":"2025-03-07T10:05:42","slug":"festivales","status":"publish","type":"page","link":"https:\/\/manchajucarcentro.com\/turismo\/festivales\/","title":{"rendered":"Festivales"},"content":{"rendered":"\t\t<div data-elementor-type=\"wp-page\" data-elementor-id=\"1879\" class=\"elementor elementor-1879\">\n\t\t\t\t<div class=\"elementor-element elementor-element-c21e5cb e-flex e-con-boxed e-con e-parent\" data-id=\"c21e5cb\" data-element_type=\"container\">\n\t\t\t\t\t<div class=\"e-con-inner\">\n\t\t<div class=\"elementor-element elementor-element-76613b3 e-con-full e-flex e-con e-child\" data-id=\"76613b3\" data-element_type=\"container\">\n\t\t\t\t<div class=\"elementor-element elementor-element-7ce4f10 elementor-widget elementor-widget-text-editor\" data-id=\"7ce4f10\" data-element_type=\"widget\" data-widget_type=\"text-editor.default\">\n\t\t\t\t<div class=\"elementor-widget-container\">\n\t\t\t\t\t\t\tMancha J\u00facar-Centro se ha consolidado como un enclave imprescindible para quienes disfrutan de la m\u00fasica, la cultura y los eventos en comunidad. Con una programaci\u00f3n diversa de festivales, ha logrado captar la atenci\u00f3n tanto de un p\u00fablico local como nacional, convirti\u00e9ndose en un referente dentro del panorama cultural de Castilla-La Mancha. Su propuesta combina g\u00e9neros musicales variados, experiencias gastron\u00f3micas y espacios emblem\u00e1ticos, lo que enriquece la oferta tur\u00edstica y cultural de la regi\u00f3n, atrayendo cada a\u00f1o a miles de visitantes.\n\t\t\t\t\t\t<\/div>\n\t\t\t\t<\/div>\n\t\t\t\t<\/div>\n\t\t<div class=\"elementor-element elementor-element-a752842 e-con-full e-flex e-con e-child\" data-id=\"a752842\" data-element_type=\"container\">\n\t\t\t\t<div class=\"elementor-element elementor-element-69a4276 elementor-widget elementor-widget-text-editor\" data-id=\"69a4276\" data-element_type=\"widget\" data-widget_type=\"text-editor.default\">\n\t\t\t\t<div class=\"elementor-widget-container\">\n\t\t\t\t\t\t\t<p>Los festivales reflejan la vitalidad cultural de Mancha J\u00facar-Centro y su capacidad para atraer tanto a locales como a visitantes, ofreciendo experiencias memorables que combinan m\u00fasica, tradici\u00f3n y la esencia de La Mancha.<\/p>\t\t\t\t\t\t<\/div>\n\t\t\t\t<\/div>\n\t\t\t\t<\/div>\n\t\t\t\t\t<\/div>\n\t\t\t\t<\/div>\n\t\t<div class=\"elementor-element elementor-element-56df3d7 e-flex e-con-boxed e-con e-parent\" data-id=\"56df3d7\" data-element_type=\"container\" data-settings=\"{&quot;background_background&quot;:&quot;classic&quot;}\">\n\t\t\t\t\t<div class=\"e-con-inner\">\n\t\t\t\t<div class=\"elementor-element elementor-element-3428398 elementor-widget__width-initial elementor-widget elementor-widget-listeo-headline\" data-id=\"3428398\" data-element_type=\"widget\" data-widget_type=\"listeo-headline.default\">\n\t\t\t\t<div class=\"elementor-widget-container\">\n\t\t\t\t\t<h3 \n\t\tstyle=\"text-align:center;\" class=\"headline  headline-aligned-to-center headline-extra-spacing headline-box  headline-with-subtitle \"> Vive el ritmo y la magia de nuestros festivales  <span > Donde la m\u00fasica, la cultura y la diversi\u00f3n no tienen fin<\/span><\/h3>\n\t\t\t\t<\/div>\n\t\t\t\t<\/div>\n\t\t\t\t<div class=\"elementor-element elementor-element-f137c12 elementor-widget elementor-widget-listeo-posts-grid\" data-id=\"f137c12\" data-element_type=\"widget\" data-widget_type=\"listeo-posts-grid.default\">\n\t\t\t\t<div class=\"elementor-widget-container\">\n\t\t\t\t\t\n\t\t<div class=\"listeo-post-grid-wrapper\">\n\t\t\t<div class=\"row\">\n\n\t\t\t\n\n\t\t\t\t\t\t\t<div class=\"col-md-4\">\n                <a href=\"https:\/\/manchajucarcentro.com\/turismo\/festival-de-los-sentidos\/\" class=\"blog-compact-item-container\">\n                    <div class=\"blog-compact-item\">\n                        <img fetchpriority=\"high\" decoding=\"async\" width=\"577\" height=\"385\" src=\"https:\/\/manchajucarcentro.com\/turismo\/wp-content\/uploads\/2024\/12\/Festival-de-los-Sentidos-La-Roda-3-577x385.jpeg\" class=\"attachment-listeo-blog-related-post size-listeo-blog-related-post wp-post-image\" alt=\"\" srcset=\"https:\/\/manchajucarcentro.com\/turismo\/wp-content\/uploads\/2024\/12\/Festival-de-los-Sentidos-La-Roda-3-577x385.jpeg 577w, https:\/\/manchajucarcentro.com\/turismo\/wp-content\/uploads\/2024\/12\/Festival-de-los-Sentidos-La-Roda-3-300x200.jpeg 300w, https:\/\/manchajucarcentro.com\/turismo\/wp-content\/uploads\/2024\/12\/Festival-de-los-Sentidos-La-Roda-3-768x512.jpeg 768w, https:\/\/manchajucarcentro.com\/turismo\/wp-content\/uploads\/2024\/12\/Festival-de-los-Sentidos-La-Roda-3-590x394.jpeg 590w, https:\/\/manchajucarcentro.com\/turismo\/wp-content\/uploads\/2024\/12\/Festival-de-los-Sentidos-La-Roda-3.jpeg 1000w\" sizes=\"(max-width: 577px) 100vw, 577px\" \/><span class=\"blog-item-tag\">Festivales<\/span>                        \n                        <div class=\"blog-compact-item-content\">\n                                                        <h3>Festival de Los Sentidos<\/h3>\n                                                        <p>El Festival de Los Sentidos, celebrado anualmente desde 2008 en el mes de junio en...                            <\/p>\n                                                    <\/div>\n                    <\/div>\n                <\/a>\n            <\/div>\n\t\t\t<div class=\"col-md-4\">\n                <a href=\"https:\/\/manchajucarcentro.com\/turismo\/ginetarock\/\" class=\"blog-compact-item-container\">\n                    <div class=\"blog-compact-item\">\n                        <img decoding=\"async\" width=\"577\" height=\"312\" src=\"https:\/\/manchajucarcentro.com\/turismo\/wp-content\/uploads\/2024\/12\/GinetaRock-Fest-La-Gineta-1-577x312.webp\" class=\"attachment-listeo-blog-related-post size-listeo-blog-related-post wp-post-image\" alt=\"\" srcset=\"https:\/\/manchajucarcentro.com\/turismo\/wp-content\/uploads\/2024\/12\/GinetaRock-Fest-La-Gineta-1-577x312.webp 577w, https:\/\/manchajucarcentro.com\/turismo\/wp-content\/uploads\/2024\/12\/GinetaRock-Fest-La-Gineta-1-300x162.webp 300w, https:\/\/manchajucarcentro.com\/turismo\/wp-content\/uploads\/2024\/12\/GinetaRock-Fest-La-Gineta-1-768x415.webp 768w, https:\/\/manchajucarcentro.com\/turismo\/wp-content\/uploads\/2024\/12\/GinetaRock-Fest-La-Gineta-1-590x319.webp 590w, https:\/\/manchajucarcentro.com\/turismo\/wp-content\/uploads\/2024\/12\/GinetaRock-Fest-La-Gineta-1.webp 1000w\" sizes=\"(max-width: 577px) 100vw, 577px\" \/><span class=\"blog-item-tag\">Festivales<\/span>                        \n                        <div class=\"blog-compact-item-content\">\n                                                        <h3>GinetaRock<\/h3>\n                                                        <p>M\u00edtico festival manchego de rock y heavy metal que tiene lugar a finales de septiembre....                            <\/p>\n                                                    <\/div>\n                    <\/div>\n                <\/a>\n            <\/div>\n\t\t\t<div class=\"col-md-4\">\n                <a href=\"https:\/\/manchajucarcentro.com\/turismo\/vinarock\/\" class=\"blog-compact-item-container\">\n                    <div class=\"blog-compact-item\">\n                        <img decoding=\"async\" width=\"577\" height=\"325\" src=\"https:\/\/manchajucarcentro.com\/turismo\/wp-content\/uploads\/2024\/12\/Vinarock-Villarrobledo-1-577x325.jpg\" class=\"attachment-listeo-blog-related-post size-listeo-blog-related-post wp-post-image\" alt=\"\" srcset=\"https:\/\/manchajucarcentro.com\/turismo\/wp-content\/uploads\/2024\/12\/Vinarock-Villarrobledo-1-577x325.jpg 577w, https:\/\/manchajucarcentro.com\/turismo\/wp-content\/uploads\/2024\/12\/Vinarock-Villarrobledo-1-300x169.jpg 300w, https:\/\/manchajucarcentro.com\/turismo\/wp-content\/uploads\/2024\/12\/Vinarock-Villarrobledo-1-1024x576.jpg 1024w, https:\/\/manchajucarcentro.com\/turismo\/wp-content\/uploads\/2024\/12\/Vinarock-Villarrobledo-1-768x432.jpg 768w, https:\/\/manchajucarcentro.com\/turismo\/wp-content\/uploads\/2024\/12\/Vinarock-Villarrobledo-1-590x332.jpg 590w, https:\/\/manchajucarcentro.com\/turismo\/wp-content\/uploads\/2024\/12\/Vinarock-Villarrobledo-1-1191x670.jpg 1191w, https:\/\/manchajucarcentro.com\/turismo\/wp-content\/uploads\/2024\/12\/Vinarock-Villarrobledo-1.jpg 1200w\" sizes=\"(max-width: 577px) 100vw, 577px\" \/><span class=\"blog-item-tag\">Festivales<\/span>                        \n                        <div class=\"blog-compact-item-content\">\n                                                        <h3>Vi\u00f1arock<\/h3>\n                                                        <p>El festival de m\u00fasica alternativa m\u00e1s veterano del pa\u00eds y el que mejor ha sabido...                            <\/p>\n                                                    <\/div>\n                    <\/div>\n                <\/a>\n            <\/div>\n  <\/div>\n        <\/div>\n        \t\t<\/div>\n\t\t\t\t<\/div>\n\t\t\t\t\t<\/div>\n\t\t\t\t<\/div>\n\t\t<div class=\"elementor-element elementor-element-183ad8ab e-flex e-con-boxed e-con e-parent\" data-id=\"183ad8ab\" data-element_type=\"container\" data-settings=\"{&quot;background_background&quot;:&quot;classic&quot;}\">\n\t\t\t\t\t<div class=\"e-con-inner\">\n\t\t\t\t<div class=\"elementor-element elementor-element-600d46d2 elementor-align-center elementor-widget elementor-widget-button\" data-id=\"600d46d2\" data-element_type=\"widget\" data-widget_type=\"button.default\">\n\t\t\t\t<div class=\"elementor-widget-container\">\n\t\t\t\t\t<div class=\"elementor-button-wrapper\">\n\t\t\t<a class=\"elementor-button elementor-button-link elementor-size-sm\" href=\"http:\/\/manchajucarcentro.com\/turismo\/category\/festivales\/\">\n\t\t\t\t\t\t<span class=\"elementor-button-content-wrapper\">\n\t\t\t\t\t\t\t\t\t<span class=\"elementor-button-text\">Ver todos<\/span>\n\t\t\t\t\t<\/span>\n\t\t\t\t\t<\/a>\n\t\t<\/div>\n\t\t\t\t<\/div>\n\t\t\t\t<\/div>\n\t\t\t\t\t<\/div>\n\t\t\t\t<\/div>\n\t\t\t\t<\/div>\n\t\t","protected":false},"excerpt":{"rendered":"<p>Mancha J\u00facar-Centro se ha consolidado como un enclave imprescindible para quienes disfrutan de la m\u00fasica, la cultura y los eventos en comunidad. Con una programaci\u00f3n diversa de festivales, ha logrado captar la atenci\u00f3n tanto de un p\u00fablico local como nacional, convirti\u00e9ndose en un referente dentro del panorama cultural de Castilla-La Mancha. Su propuesta combina g\u00e9neros [&hellip;]<\/p>\n","protected":false},"author":1,"featured_media":0,"parent":0,"menu_order":0,"comment_status":"closed","ping_status":"closed","template":"","meta":{"footnotes":""},"class_list":["post-1879","page","type-page","status-publish","hentry"],"_links":{"self":[{"href":"https:\/\/manchajucarcentro.com\/turismo\/wp-json\/wp\/v2\/pages\/1879","targetHints":{"allow":["GET"]}}],"collection":[{"href":"https:\/\/manchajucarcentro.com\/turismo\/wp-json\/wp\/v2\/pages"}],"about":[{"href":"https:\/\/manchajucarcentro.com\/turismo\/wp-json\/wp\/v2\/types\/page"}],"author":[{"embeddable":true,"href":"https:\/\/manchajucarcentro.com\/turismo\/wp-json\/wp\/v2\/users\/1"}],"replies":[{"embeddable":true,"href":"https:\/\/manchajucarcentro.com\/turismo\/wp-json\/wp\/v2\/comments?post=1879"}],"version-history":[{"count":31,"href":"https:\/\/manchajucarcentro.com\/turismo\/wp-json\/wp\/v2\/pages\/1879\/revisions"}],"predecessor-version":[{"id":4616,"href":"https:\/\/manchajucarcentro.com\/turismo\/wp-json\/wp\/v2\/pages\/1879\/revisions\/4616"}],"wp:attachment":[{"href":"https:\/\/manchajucarcentro.com\/turismo\/wp-json\/wp\/v2\/media?parent=1879"}],"curies":[{"name":"wp","href":"https:\/\/api.w.org\/{rel}","templated":true}]}}

<div data-elementor-type="wp-page" data-elementor-id="1879" class="elementor elementor-1879">
				<div class="elementor-element elementor-element-c21e5cb e-flex e-con-boxed e-con e-parent" data-id="c21e5cb" data-element_type="container">
					<div class="e-con-inner">
		<div class="elementor-element elementor-element-76613b3 e-con-full e-flex e-con e-child" data-id="76613b3" data-element_type="container">
				<div class="elementor-element elementor-element-7ce4f10 elementor-widget elementor-widget-text-editor" data-id="7ce4f10" data-element_type="widget" data-widget_type="text-editor.default">
				<div class="elementor-widget-container">
							Mancha Júcar-Centro se ha consolidado como un enclave imprescindible para quienes disfrutan de la música, la cultura y los eventos en comunidad. Con una programación diversa de festivales, ha logrado captar la atención tanto de un público local como nacional, convirtiéndose en un referente dentro del panorama cultural de Castilla-La Mancha. Su propuesta combina géneros musicales variados, experiencias gastronómicas y espacios emblemáticos, lo que enriquece la oferta turística y cultural de la región, atrayendo cada año a miles de visitantes.
						</div>
				</div>
				</div>
		<div class="elementor-element elementor-element-a752842 e-con-full e-flex e-con e-child" data-id="a752842" data-element_type="container">
				<div class="elementor-element elementor-element-69a4276 elementor-widget elementor-widget-text-editor" data-id="69a4276" data-element_type="widget" data-widget_type="text-editor.default">
				<div class="elementor-widget-container">
							<p>Los festivales reflejan la vitalidad cultural de Mancha Júcar-Centro y su capacidad para atraer tanto a locales como a visitantes, ofreciendo experiencias memorables que combinan música, tradición y la esencia de La Mancha.</p>						</div>
				</div>
				</div>
					</div>
				</div>
		<div class="elementor-element elementor-element-56df3d7 e-flex e-con-boxed e-con e-parent" data-id="56df3d7" data-element_type="container" data-settings="{&quot;background_background&quot;:&quot;classic&quot;}">
					<div class="e-con-inner">
				<div class="elementor-element elementor-element-3428398 elementor-widget__width-initial elementor-widget elementor-widget-listeo-headline" data-id="3428398" data-element_type="widget" data-widget_type="listeo-headline.default">
				<div class="elementor-widget-container">
					<h3 
		style="text-align:center;" class="headline  headline-aligned-to-center headline-extra-spacing headline-box  headline-with-subtitle "> Vive el ritmo y la magia de nuestros festivales  <span > Donde la música, la cultura y la diversión no tienen fin</span></h3>
				</div>
				</div>
				<div class="elementor-element elementor-element-f137c12 elementor-widget elementor-widget-listeo-posts-grid" data-id="f137c12" data-element_type="widget" data-widget_type="listeo-posts-grid.default">
				<div class="elementor-widget-container">
					
		<div class="listeo-post-grid-wrapper">
			<div class="row">

			

							<div class="col-md-4">
                <a href="https://manchajucarcentro.com/turismo/festival-de-los-sentidos/" class="blog-compact-item-container">
                    <div class="blog-compact-item">
                        <img fetchpriority="high" decoding="async" width="577" height="385" src="https://manchajucarcentro.com/turismo/wp-content/uploads/2024/12/Festival-de-los-Sentidos-La-Roda-3-577x385.jpeg" class="attachment-listeo-blog-related-post size-listeo-blog-related-post wp-post-image" alt="" srcset="https://manchajucarcentro.com/turismo/wp-content/uploads/2024/12/Festival-de-los-Sentidos-La-Roda-3-577x385.jpeg 577w, https://manchajucarcentro.com/turismo/wp-content/uploads/2024/12/Festival-de-los-Sentidos-La-Roda-3-300x200.jpeg 300w, https://manchajucarcentro.com/turismo/wp-content/uploads/2024/12/Festival-de-los-Sentidos-La-Roda-3-768x512.jpeg 768w, https://manchajucarcentro.com/turismo/wp-content/uploads/2024/12/Festival-de-los-Sentidos-La-Roda-3-590x394.jpeg 590w, https://manchajucarcentro.com/turismo/wp-content/uploads/2024/12/Festival-de-los-Sentidos-La-Roda-3.jpeg 1000w" sizes="(max-width: 577px) 100vw, 577px" /><span class="blog-item-tag">Festivales</span>                        
                        <div class="blog-compact-item-content">
                                                        <h3>Festival de Los Sentidos</h3>
                                                        <p>El Festival de Los Sentidos, celebrado anualmente desde 2008 en el mes de junio en...                            </p>
                                                    </div>
                    </div>
                </a>
            </div>
			<div class="col-md-4">
                <a href="https://manchajucarcentro.com/turismo/ginetarock/" class="blog-compact-item-container">
                    <div class="blog-compact-item">
                        <img decoding="async" width="577" height="312" src="https://manchajucarcentro.com/turismo/wp-content/uploads/2024/12/GinetaRock-Fest-La-Gineta-1-577x312.webp" class="attachment-listeo-blog-related-post size-listeo-blog-related-post wp-post-image" alt="" srcset="https://manchajucarcentro.com/turismo/wp-content/uploads/2024/12/GinetaRock-Fest-La-Gineta-1-577x312.webp 577w, https://manchajucarcentro.com/turismo/wp-content/uploads/2024/12/GinetaRock-Fest-La-Gineta-1-300x162.webp 300w, https://manchajucarcentro.com/turismo/wp-content/uploads/2024/12/GinetaRock-Fest-La-Gineta-1-768x415.webp 768w, https://manchajucarcentro.com/turismo/wp-content/uploads/2024/12/GinetaRock-Fest-La-Gineta-1-590x319.webp 590w, https://manchajucarcentro.com/turismo/wp-content/uploads/2024/12/GinetaRock-Fest-La-Gineta-1.webp 1000w" sizes="(max-width: 577px) 100vw, 577px" /><span class="blog-item-tag">Festivales</span>                        
                        <div class="blog-compact-item-content">
                                                        <h3>GinetaRock</h3>
                                                        <p>Mítico festival manchego de rock y heavy metal que tiene lugar a finales de septiembre....                            </p>
                                                    </div>
                    </div>
                </a>
            </div>
			<div class="col-md-4">
                <a href="https://manchajucarcentro.com/turismo/vinarock/" class="blog-compact-item-container">
                    <div class="blog-compact-item">
                        <img decoding="async" width="577" height="325" src="https://manchajucarcentro.com/turismo/wp-content/uploads/2024/12/Vinarock-Villarrobledo-1-577x325.jpg" class="attachment-listeo-blog-related-post size-listeo-blog-related-post wp-post-image" alt="" srcset="https://manchajucarcentro.com/turismo/wp-content/uploads/2024/12/Vinarock-Villarrobledo-1-577x325.jpg 577w, https://manchajucarcentro.com/turismo/wp-content/uploads/2024/12/Vinarock-Villarrobledo-1-300x169.jpg 300w, https://manchajucarcentro.com/turismo/wp-content/uploads/2024/12/Vinarock-Villarrobledo-1-1024x576.jpg 1024w, https://manchajucarcentro.com/turismo/wp-content/uploads/2024/12/Vinarock-Villarrobledo-1-768x432.jpg 768w, https://manchajucarcentro.com/turismo/wp-content/uploads/2024/12/Vinarock-Villarrobledo-1-590x332.jpg 590w, https://manchajucarcentro.com/turismo/wp-content/uploads/2024/12/Vinarock-Villarrobledo-1-1191x670.jpg 1191w, https://manchajucarcentro.com/turismo/wp-content/uploads/2024/12/Vinarock-Villarrobledo-1.jpg 1200w" sizes="(max-width: 577px) 100vw, 577px" /><span class="blog-item-tag">Festivales</span>                        
                        <div class="blog-compact-item-content">
                                                        <h3>Viñarock</h3>
                                                        <p>El festival de música alternativa más veterano del país y el que mejor ha sabido...                            </p>
                                                    </div>
                    </div>
                </a>
            </div>
  </div>
        </div>
        		</div>
				</div>
					</div>
				</div>
		<div class="elementor-element elementor-element-183ad8ab e-flex e-con-boxed e-con e-parent" data-id="183ad8ab" data-element_type="container" data-settings="{&quot;background_background&quot;:&quot;classic&quot;}">
					<div class="e-con-inner">
				<div class="elementor-element elementor-element-600d46d2 elementor-align-center elementor-widget elementor-widget-button" data-id="600d46d2" data-element_type="widget" data-widget_type="button.default">
				<div class="elementor-widget-container">
					<div class="elementor-button-wrapper">
			<a class="elementor-button elementor-button-link elementor-size-sm" href="http://manchajucarcentro.com/turismo/category/festivales/">
						<span class="elementor-button-content-wrapper">
									<span class="elementor-button-text">Ver todos</span>
					</span>
					</a>
		</div>
				</div>
				</div>
					</div>
				</div>
				</div>

<p>Mancha Júcar-Centro se ha consolidado como un enclave imprescindible para quienes disfrutan de la música, la cultura y los eventos en comunidad. Con una programación diversa de festivales, ha logrado captar la atención tanto de un público local como nacional, convirtiéndose en un referente dentro del panorama cultural de Castilla-La Mancha. Su propuesta combina géneros [&hellip;]</p>
