{"id":3008,"date":"2024-12-10T10:20:50","date_gmt":"2024-12-10T09:20:50","guid":{"rendered":"http:\/\/mjc.endinahosting.com\/?page_id=3008"},"modified":"2025-03-07T13:17:47","modified_gmt":"2025-03-07T12:17:47","slug":"agroturismo","status":"publish","type":"page","link":"https:\/\/manchajucarcentro.com\/turismo\/agroturismo\/","title":{"rendered":"Agroturismo"},"content":{"rendered":"\t\t<div data-elementor-type=\"wp-page\" data-elementor-id=\"3008\" class=\"elementor elementor-3008\">\n\t\t\t\t<div class=\"elementor-element elementor-element-c21e5cb e-flex e-con-boxed e-con e-parent\" data-id=\"c21e5cb\" data-element_type=\"container\">\n\t\t\t\t\t<div class=\"e-con-inner\">\n\t\t<div class=\"elementor-element elementor-element-76613b3 e-con-full e-flex e-con e-child\" data-id=\"76613b3\" data-element_type=\"container\">\n\t\t\t\t<div class=\"elementor-element elementor-element-7ce4f10 elementor-widget elementor-widget-text-editor\" data-id=\"7ce4f10\" data-element_type=\"widget\" data-widget_type=\"text-editor.default\">\n\t\t\t\t<div class=\"elementor-widget-container\">\n\t\t\t\t\t\t\t<p>En la comarca Mancha J\u00facar-Centro, los oficios agrarios m\u00e1s tradicionales perviven gracias a productores locales. Descubre su dedicaci\u00f3n en tareas como la producci\u00f3n de vino, el cultivo de vi\u00f1edos, azafr\u00e1n y almendros ecol\u00f3gicos o la elaboraci\u00f3n de dulces. Sum\u00e9rgete en un legado de aut\u00e9ntico sabor manchego, que combina tradici\u00f3n y sostenibilidad sin renunciar a la innovaci\u00f3n.<\/p>\t\t\t\t\t\t<\/div>\n\t\t\t\t<\/div>\n\t\t\t\t<\/div>\n\t\t<div class=\"elementor-element elementor-element-a752842 e-con-full e-flex e-con e-child\" data-id=\"a752842\" data-element_type=\"container\">\n\t\t\t\t<div class=\"elementor-element elementor-element-69a4276 elementor-widget elementor-widget-text-editor\" data-id=\"69a4276\" data-element_type=\"widget\" data-widget_type=\"text-editor.default\">\n\t\t\t\t<div class=\"elementor-widget-container\">\n\t\t\t\t\t\t\t<p>Os invitamos a descubrir experiencias agrotur\u00edsticas de diferentes tem\u00e1ticas organizadas por nuestros productores locales, orgullosos de trabajar y preservar el legado de sus mayores.<\/p>\t\t\t\t\t\t<\/div>\n\t\t\t\t<\/div>\n\t\t\t\t<\/div>\n\t\t\t\t\t<\/div>\n\t\t\t\t<\/div>\n\t\t<div class=\"elementor-element elementor-element-a7cd21a e-flex e-con-boxed e-con e-parent\" data-id=\"a7cd21a\" data-element_type=\"container\" data-settings=\"{&quot;background_background&quot;:&quot;classic&quot;}\">\n\t\t\t\t\t<div class=\"e-con-inner\">\n\t\t\t\t<div class=\"elementor-element elementor-element-1afa933 elementor-widget__width-initial elementor-widget elementor-widget-listeo-headline\" data-id=\"1afa933\" data-element_type=\"widget\" data-widget_type=\"listeo-headline.default\">\n\t\t\t\t<div class=\"elementor-widget-container\">\n\t\t\t\t\t<h3 \n\t\tstyle=\"text-align:center;\" class=\"headline  headline-aligned-to-center headline-extra-spacing headline-box  headline-with-subtitle \"> Los secretos de nuestra tierra  <span > Descubre los productos m\u00e1s emblem\u00e1ticos<\/span><\/h3>\n\t\t\t\t<\/div>\n\t\t\t\t<\/div>\n\t\t\t\t\t<\/div>\n\t\t\t\t<\/div>\n\t\t<div class=\"elementor-element elementor-element-6e3f283a bl-desc-municipios e-flex e-con-boxed e-con e-parent\" data-id=\"6e3f283a\" data-element_type=\"container\" data-settings=\"{&quot;background_background&quot;:&quot;classic&quot;}\">\n\t\t\t\t\t<div class=\"e-con-inner\">\n\t\t<div class=\"elementor-element elementor-element-73e10369 e-con-full e-flex e-con e-child\" data-id=\"73e10369\" data-element_type=\"container\">\n\t\t\t\t<div class=\"elementor-element elementor-element-6807149b elementor-pagination-position-inside elementor-arrows-position-inside elementor-widget elementor-widget-image-carousel\" data-id=\"6807149b\" data-element_type=\"widget\" data-settings=\"{&quot;slides_to_show&quot;:&quot;1&quot;,&quot;navigation&quot;:&quot;both&quot;,&quot;autoplay&quot;:&quot;yes&quot;,&quot;pause_on_hover&quot;:&quot;yes&quot;,&quot;pause_on_interaction&quot;:&quot;yes&quot;,&quot;autoplay_speed&quot;:5000,&quot;infinite&quot;:&quot;yes&quot;,&quot;effect&quot;:&quot;slide&quot;,&quot;speed&quot;:500}\" data-widget_type=\"image-carousel.default\">\n\t\t\t\t<div class=\"elementor-widget-container\">\n\t\t\t\t\t<div class=\"elementor-image-carousel-wrapper swiper\" dir=\"ltr\">\n\t\t\t<div class=\"elementor-image-carousel swiper-wrapper\" aria-live=\"off\">\n\t\t\t\t\t\t\t\t<div class=\"swiper-slide\" role=\"group\" aria-roledescription=\"slide\" aria-label=\"1 de 3\"><figure class=\"swiper-slide-inner\"><img decoding=\"async\" class=\"swiper-slide-image\" src=\"https:\/\/manchajucarcentro.com\/turismo\/wp-content\/uploads\/elementor\/thumbs\/Agroturismo-Slide-3-rhy9wsbtw33tbdjyhkzrzuhsa6ilwm37p84him8qdk.jpg\" alt=\"\" \/><\/figure><\/div><div class=\"swiper-slide\" role=\"group\" aria-roledescription=\"slide\" aria-label=\"2 de 3\"><figure class=\"swiper-slide-inner\"><img decoding=\"async\" class=\"swiper-slide-image\" src=\"https:\/\/manchajucarcentro.com\/turismo\/wp-content\/uploads\/elementor\/thumbs\/Agroturismo-Slide-1-rhy9wx10u9a8xfd4q50wubb393vfz3lvdvdwx01rig.jpg\" alt=\"\" \/><\/figure><\/div><div class=\"swiper-slide\" role=\"group\" aria-roledescription=\"slide\" aria-label=\"3 de 3\"><figure class=\"swiper-slide-inner\"><img decoding=\"async\" class=\"swiper-slide-image\" src=\"https:\/\/manchajucarcentro.com\/turismo\/wp-content\/uploads\/elementor\/thumbs\/Agroturismo-Slide-2-rhy9whzlswpnrnyz5yivqf3pqxxkjxy5zsy58ko2a0.jpg\" alt=\"\" \/><\/figure><\/div>\t\t\t<\/div>\n\t\t\t\t\t\t\t\t\t\t\t\t<div class=\"elementor-swiper-button elementor-swiper-button-prev\" role=\"button\" tabindex=\"0\">\n\t\t\t\t\t\t<i aria-hidden=\"true\" class=\"eicon-chevron-left\"><\/i>\t\t\t\t\t<\/div>\n\t\t\t\t\t<div class=\"elementor-swiper-button elementor-swiper-button-next\" role=\"button\" tabindex=\"0\">\n\t\t\t\t\t\t<i aria-hidden=\"true\" class=\"eicon-chevron-right\"><\/i>\t\t\t\t\t<\/div>\n\t\t\t\t\n\t\t\t\t\t\t\t\t\t<div class=\"swiper-pagination\"><\/div>\n\t\t\t\t\t\t\t\t\t<\/div>\n\t\t\t\t<\/div>\n\t\t\t\t<\/div>\n\t\t\t\t<\/div>\n\t\t<div class=\"elementor-element elementor-element-6844c50d e-con-full e-flex e-con e-child\" data-id=\"6844c50d\" data-element_type=\"container\">\n\t\t\t\t<div class=\"elementor-element elementor-element-1c2928a0 elementor-widget elementor-widget-text-editor\" data-id=\"1c2928a0\" data-element_type=\"widget\" data-widget_type=\"text-editor.default\">\n\t\t\t\t<div class=\"elementor-widget-container\">\n\t\t\t\t\t\t\t<p>\u00bfSab\u00edas que los cultivos ecol\u00f3gicos de almendros producen las mejores almendras para hacer turrones? \u00bfQuieres aprender a cocinar almendras? \u00bfTe gustar\u00eda participar en un taller de recolecci\u00f3n y mondado de las flores del azafr\u00e1n y descubrir sus diferentes usos y propiedades?<\/p><p>\u00bfSabes por qu\u00e9 la vi\u00f1as se cultivaban tradicionalmente \u201cen vaso\u201d y ahora tambi\u00e9n en \u00abespaldera\u00bb? \u00bfConoces las variedades de uva que crecen en esta comarca? \u00bfSabes que es uno de los m\u00e1s extensos vi\u00f1edos del mundo? \u00bfQu\u00e9 es afinar el vino? Apr\u00e9ndelo de la mano de los mejores viticultores y en\u00f3logos.<\/p><p>Son de aqu\u00ed, pero se conocen en toda Espa\u00f1a. Descubre c\u00f3mo se elaboran los aut\u00e9nticos Miguelitos de La Roda. \u00a1Seguro que amigos y familiares os piden que les llev\u00e9is algunos!<\/p>\t\t\t\t\t\t<\/div>\n\t\t\t\t<\/div>\n\t\t\t\t<\/div>\n\t\t\t\t\t<\/div>\n\t\t\t\t<\/div>\n\t\t<div class=\"elementor-element elementor-element-b276cf8 e-flex e-con-boxed e-con e-parent\" data-id=\"b276cf8\" data-element_type=\"container\" data-settings=\"{&quot;background_background&quot;:&quot;classic&quot;}\">\n\t\t\t\t\t<div class=\"e-con-inner\">\n\t\t\t\t<div class=\"elementor-element elementor-element-29f208d elementor-widget__width-initial elementor-widget elementor-widget-listeo-headline\" data-id=\"29f208d\" data-element_type=\"widget\" data-widget_type=\"listeo-headline.default\">\n\t\t\t\t<div class=\"elementor-widget-container\">\n\t\t\t\t\t<h3 \n\t\tstyle=\"text-align:center;\" class=\"headline  headline-aligned-to-center headline-extra-spacing headline-box  headline-with-subtitle \"> Agroturismo aut\u00e9ntico en Mancha J\u00facar-Centro  <span > Conecta con la naturaleza, la tradici\u00f3n y los sabores de nuestra tierra<\/span><\/h3>\n\t\t\t\t<\/div>\n\t\t\t\t<\/div>\n\t\t\t\t\t<\/div>\n\t\t\t\t<\/div>\n\t\t<div class=\"elementor-element elementor-element-29088dc1 e-flex e-con-boxed e-con e-parent\" data-id=\"29088dc1\" data-element_type=\"container\" data-settings=\"{&quot;background_background&quot;:&quot;classic&quot;}\">\n\t\t\t\t\t<div class=\"e-con-inner\">\n\t\t\t\t<div class=\"elementor-element elementor-element-58c3f8f2 elementor-widget elementor-widget-listeo-posts-grid\" data-id=\"58c3f8f2\" data-element_type=\"widget\" data-widget_type=\"listeo-posts-grid.default\">\n\t\t\t\t<div class=\"elementor-widget-container\">\n\t\t\t\t\t\n\t\t<div class=\"listeo-post-grid-wrapper\">\n\t\t\t<div class=\"row\">\n\n\t\t\t\n\n\t\t\t\t\t\t\t<div class=\"col-md-4\">\n                <a href=\"https:\/\/manchajucarcentro.com\/turismo\/experiencia-bodega-manzaneque\/\" class=\"blog-compact-item-container\">\n                    <div class=\"blog-compact-item\">\n                        <img fetchpriority=\"high\" decoding=\"async\" width=\"577\" height=\"361\" src=\"https:\/\/manchajucarcentro.com\/turismo\/wp-content\/uploads\/2025\/03\/Bodega-Manzaneque-1-577x361.jpg\" class=\"attachment-listeo-blog-related-post size-listeo-blog-related-post wp-post-image\" alt=\"\" srcset=\"https:\/\/manchajucarcentro.com\/turismo\/wp-content\/uploads\/2025\/03\/Bodega-Manzaneque-1-577x361.jpg 577w, https:\/\/manchajucarcentro.com\/turismo\/wp-content\/uploads\/2025\/03\/Bodega-Manzaneque-1-300x188.jpg 300w, https:\/\/manchajucarcentro.com\/turismo\/wp-content\/uploads\/2025\/03\/Bodega-Manzaneque-1-1024x640.jpg 1024w, https:\/\/manchajucarcentro.com\/turismo\/wp-content\/uploads\/2025\/03\/Bodega-Manzaneque-1-768x480.jpg 768w, https:\/\/manchajucarcentro.com\/turismo\/wp-content\/uploads\/2025\/03\/Bodega-Manzaneque-1-1536x960.jpg 1536w, https:\/\/manchajucarcentro.com\/turismo\/wp-content\/uploads\/2025\/03\/Bodega-Manzaneque-1-590x369.jpg 590w, https:\/\/manchajucarcentro.com\/turismo\/wp-content\/uploads\/2025\/03\/Bodega-Manzaneque-1-1072x670.jpg 1072w, https:\/\/manchajucarcentro.com\/turismo\/wp-content\/uploads\/2025\/03\/Bodega-Manzaneque-1-1200x750.jpg 1200w, https:\/\/manchajucarcentro.com\/turismo\/wp-content\/uploads\/2025\/03\/Bodega-Manzaneque-1.jpg 1600w\" sizes=\"(max-width: 577px) 100vw, 577px\" \/><span class=\"blog-item-tag\">Experiencias<\/span>                        \n                        <div class=\"blog-compact-item-content\">\n                                                        <h3>Experiencia en Bodega Manzaneque: tradici\u00f3n bodeguera y pasi\u00f3n en cada botella<\/h3>\n                                                        <p>Ad\u00e9ntrate en el apasionante mundo del vino y su cultura en Bodega Manzaneque, situada en...                            <\/p>\n                                                    <\/div>\n                    <\/div>\n                <\/a>\n            <\/div>\n\t\t\t<div class=\"col-md-4\">\n                <a href=\"https:\/\/manchajucarcentro.com\/turismo\/experiencia-monte-jucar\/\" class=\"blog-compact-item-container\">\n                    <div class=\"blog-compact-item\">\n                        <img decoding=\"async\" width=\"577\" height=\"361\" src=\"https:\/\/manchajucarcentro.com\/turismo\/wp-content\/uploads\/2025\/03\/Experiencia-Monte-Jucar-3-577x361.jpg\" class=\"attachment-listeo-blog-related-post size-listeo-blog-related-post wp-post-image\" alt=\"\" srcset=\"https:\/\/manchajucarcentro.com\/turismo\/wp-content\/uploads\/2025\/03\/Experiencia-Monte-Jucar-3-577x361.jpg 577w, https:\/\/manchajucarcentro.com\/turismo\/wp-content\/uploads\/2025\/03\/Experiencia-Monte-Jucar-3-300x188.jpg 300w, https:\/\/manchajucarcentro.com\/turismo\/wp-content\/uploads\/2025\/03\/Experiencia-Monte-Jucar-3-1024x640.jpg 1024w, https:\/\/manchajucarcentro.com\/turismo\/wp-content\/uploads\/2025\/03\/Experiencia-Monte-Jucar-3-768x480.jpg 768w, https:\/\/manchajucarcentro.com\/turismo\/wp-content\/uploads\/2025\/03\/Experiencia-Monte-Jucar-3-1536x960.jpg 1536w, https:\/\/manchajucarcentro.com\/turismo\/wp-content\/uploads\/2025\/03\/Experiencia-Monte-Jucar-3-590x369.jpg 590w, https:\/\/manchajucarcentro.com\/turismo\/wp-content\/uploads\/2025\/03\/Experiencia-Monte-Jucar-3-1072x670.jpg 1072w, https:\/\/manchajucarcentro.com\/turismo\/wp-content\/uploads\/2025\/03\/Experiencia-Monte-Jucar-3-1200x750.jpg 1200w, https:\/\/manchajucarcentro.com\/turismo\/wp-content\/uploads\/2025\/03\/Experiencia-Monte-Jucar-3.jpg 1600w\" sizes=\"(max-width: 577px) 100vw, 577px\" \/><span class=\"blog-item-tag\">Experiencias<\/span>                        \n                        <div class=\"blog-compact-item-content\">\n                                                        <h3>Experiencia Monte J\u00facar &#8211; Visita la finca de almendros ecol\u00f3gicos<\/h3>\n                                                        <p>Monte J\u00facar es un lugar privilegiado para disfrutar del agroturismo en plena naturaleza. Situado a...                            <\/p>\n                                                    <\/div>\n                    <\/div>\n                <\/a>\n            <\/div>\n\t\t\t<div class=\"col-md-4\">\n                <a href=\"https:\/\/manchajucarcentro.com\/turismo\/experiencia-miguelitos-ruiz\/\" class=\"blog-compact-item-container\">\n                    <div class=\"blog-compact-item\">\n                        <img decoding=\"async\" width=\"577\" height=\"704\" src=\"https:\/\/manchajucarcentro.com\/turismo\/wp-content\/uploads\/2025\/03\/Miguelitos-Ruiz-2-V-577x704.jpg\" class=\"attachment-listeo-blog-related-post size-listeo-blog-related-post wp-post-image\" alt=\"\" srcset=\"https:\/\/manchajucarcentro.com\/turismo\/wp-content\/uploads\/2025\/03\/Miguelitos-Ruiz-2-V-577x704.jpg 577w, https:\/\/manchajucarcentro.com\/turismo\/wp-content\/uploads\/2025\/03\/Miguelitos-Ruiz-2-V-246x300.jpg 246w, https:\/\/manchajucarcentro.com\/turismo\/wp-content\/uploads\/2025\/03\/Miguelitos-Ruiz-2-V-839x1024.jpg 839w, https:\/\/manchajucarcentro.com\/turismo\/wp-content\/uploads\/2025\/03\/Miguelitos-Ruiz-2-V-768x937.jpg 768w, https:\/\/manchajucarcentro.com\/turismo\/wp-content\/uploads\/2025\/03\/Miguelitos-Ruiz-2-V-484x590.jpg 484w, https:\/\/manchajucarcentro.com\/turismo\/wp-content\/uploads\/2025\/03\/Miguelitos-Ruiz-2-V-549x670.jpg 549w, https:\/\/manchajucarcentro.com\/turismo\/wp-content\/uploads\/2025\/03\/Miguelitos-Ruiz-2-V.jpg 900w\" sizes=\"(max-width: 577px) 100vw, 577px\" \/><span class=\"blog-item-tag\">Experiencias<\/span>                        \n                        <div class=\"blog-compact-item-content\">\n                                                        <h3>Experiencia Miguelitos Ruiz: La experiencia m\u00e1s dulce y aut\u00e9ntica de La Roda<\/h3>\n                                                        <p>El Miguelito es ese exquisito dulce de hojaldre especialidad de La Roda que empez\u00f3 vendi\u00e9ndose...                            <\/p>\n                                                    <\/div>\n                    <\/div>\n                <\/a>\n            <\/div>\n  <\/div>\n        <\/div>\n        \t\t<\/div>\n\t\t\t\t<\/div>\n\t\t\t\t\t<\/div>\n\t\t\t\t<\/div>\n\t\t<div class=\"elementor-element elementor-element-39db6bc e-flex e-con-boxed e-con e-parent\" data-id=\"39db6bc\" data-element_type=\"container\" data-settings=\"{&quot;background_background&quot;:&quot;classic&quot;}\">\n\t\t\t\t\t<div class=\"e-con-inner\">\n\t\t\t\t<div class=\"elementor-element elementor-element-9faca07 elementor-align-center elementor-widget elementor-widget-button\" data-id=\"9faca07\" data-element_type=\"widget\" data-widget_type=\"button.default\">\n\t\t\t\t<div class=\"elementor-widget-container\">\n\t\t\t\t\t<div class=\"elementor-button-wrapper\">\n\t\t\t<a class=\"elementor-button elementor-button-link elementor-size-sm\" href=\"https:\/\/manchajucarcentro.com\/turismo\/category\/experiencias\/\">\n\t\t\t\t\t\t<span class=\"elementor-button-content-wrapper\">\n\t\t\t\t\t\t\t\t\t<span class=\"elementor-button-text\">Ver m\u00e1s<\/span>\n\t\t\t\t\t<\/span>\n\t\t\t\t\t<\/a>\n\t\t<\/div>\n\t\t\t\t<\/div>\n\t\t\t\t<\/div>\n\t\t\t\t\t<\/div>\n\t\t\t\t<\/div>\n\t\t\t\t<\/div>\n\t\t","protected":false},"excerpt":{"rendered":"<p>En la comarca Mancha J\u00facar-Centro, los oficios agrarios m\u00e1s tradicionales perviven gracias a productores locales. Descubre su dedicaci\u00f3n en tareas como la producci\u00f3n de vino, el cultivo de vi\u00f1edos, azafr\u00e1n y almendros ecol\u00f3gicos o la elaboraci\u00f3n de dulces. Sum\u00e9rgete en un legado de aut\u00e9ntico sabor manchego, que combina tradici\u00f3n y sostenibilidad sin renunciar a la [&hellip;]<\/p>\n","protected":false},"author":1,"featured_media":0,"parent":0,"menu_order":0,"comment_status":"closed","ping_status":"closed","template":"","meta":{"footnotes":""},"class_list":["post-3008","page","type-page","status-publish","hentry"],"_links":{"self":[{"href":"https:\/\/manchajucarcentro.com\/turismo\/wp-json\/wp\/v2\/pages\/3008","targetHints":{"allow":["GET"]}}],"collection":[{"href":"https:\/\/manchajucarcentro.com\/turismo\/wp-json\/wp\/v2\/pages"}],"about":[{"href":"https:\/\/manchajucarcentro.com\/turismo\/wp-json\/wp\/v2\/types\/page"}],"author":[{"embeddable":true,"href":"https:\/\/manchajucarcentro.com\/turismo\/wp-json\/wp\/v2\/users\/1"}],"replies":[{"embeddable":true,"href":"https:\/\/manchajucarcentro.com\/turismo\/wp-json\/wp\/v2\/comments?post=3008"}],"version-history":[{"count":69,"href":"https:\/\/manchajucarcentro.com\/turismo\/wp-json\/wp\/v2\/pages\/3008\/revisions"}],"predecessor-version":[{"id":4625,"href":"https:\/\/manchajucarcentro.com\/turismo\/wp-json\/wp\/v2\/pages\/3008\/revisions\/4625"}],"wp:attachment":[{"href":"https:\/\/manchajucarcentro.com\/turismo\/wp-json\/wp\/v2\/media?parent=3008"}],"curies":[{"name":"wp","href":"https:\/\/api.w.org\/{rel}","templated":true}]}}